CRAN Package Check Results for Package dynpanel

Last updated on 2025-02-21 07:50:47 CET.

Flavor Version Tinstall Tcheck Ttotal Status Flags
r-devel-linux-x86_64-debian-clang 0.1.0 1.81 23.17 24.98 NOTE
r-devel-linux-x86_64-debian-gcc 0.1.0 1.37 17.81 19.18 NOTE
r-devel-linux-x86_64-fedora-clang 0.1.0 41.12 NOTE
r-devel-linux-x86_64-fedora-gcc 0.1.0 38.46 NOTE
r-devel-macos-arm64 0.1.0 17.00 NOTE
r-devel-macos-x86_64 0.1.0 27.00 NOTE
r-devel-windows-x86_64 0.1.0 4.00 46.00 50.00 NOTE
r-patched-linux-x86_64 0.1.0 1.81 21.99 23.80 NOTE
r-release-linux-x86_64 0.1.0 1.74 21.89 23.63 NOTE
r-release-macos-arm64 0.1.0 15.00 NOTE
r-release-macos-x86_64 0.1.0 23.00 NOTE
r-release-windows-x86_64 0.1.0 3.00 44.00 47.00 NOTE
r-oldrel-macos-arm64 0.1.0 17.00 OK
r-oldrel-macos-x86_64 0.1.0 23.00 OK
r-oldrel-windows-x86_64 0.1.0 3.00 43.00 46.00 OK

Check Details

Version: 0.1.0
Check: Rd files
Result: NOTE checkRd: (-1) Produc.Rd:13: Lost braces in \itemize; meant \describe ? checkRd: (-1) Produc.Rd:14: Lost braces in \itemize; meant \describe ? checkRd: (-1) Produc.Rd:15: Lost braces in \itemize; meant \describe ? checkRd: (-1) Produc.Rd:16: Lost braces in \itemize; meant \describe ? checkRd: (-1) Produc.Rd:17: Lost braces in \itemize; meant \describe ? checkRd: (-1) Produc.Rd:18: Lost braces in \itemize; meant \describe ? checkRd: (-1) Produc.Rd:19: Lost braces in \itemize; meant \describe ? checkRd: (-1) Produc.Rd:20: Lost braces in \itemize; meant \describe ? checkRd: (-1) Produc.Rd:21: Lost braces in \itemize; meant \describe ? checkRd: (-1) Produc.Rd:22: Lost braces in \itemize; meant \describe ? Flavors: r-devel-linux-x86_64-debian-clang, r-devel-linux-x86_64-debian-gcc, r-devel-linux-x86_64-fedora-clang, r-devel-linux-x86_64-fedora-gcc, r-devel-macos-arm64, r-devel-macos-x86_64, r-devel-windows-x86_64, r-patched-linux-x86_64, r-release-linux-x86_64, r-release-macos-arm64, r-release-macos-x86_64, r-release-windows-x86_64