Last updated on 2025-10-31 07:51:44 CET.
| Flavor | Version | Tinstall | Tcheck | Ttotal | Status | Flags | 
|---|---|---|---|---|---|---|
| r-devel-linux-x86_64-debian-clang | 1.23-1 | 3.76 | 47.71 | 51.47 | NOTE | |
| r-devel-linux-x86_64-debian-gcc | 1.23-1 | 3.16 | 37.75 | 40.91 | NOTE | |
| r-devel-linux-x86_64-fedora-clang | 1.23-1 | 73.26 | OK | |||
| r-devel-linux-x86_64-fedora-gcc | 1.23-1 | 84.01 | OK | |||
| r-devel-windows-x86_64 | 1.23-1 | 7.00 | 84.00 | 91.00 | OK | |
| r-patched-linux-x86_64 | 1.23-1 | 4.02 | 45.55 | 49.57 | OK | |
| r-release-linux-x86_64 | 1.23-1 | 3.55 | 46.06 | 49.61 | OK | |
| r-release-macos-arm64 | 1.23-1 | 3.00 | 37.00 | 40.00 | OK | |
| r-release-macos-x86_64 | 1.23-1 | 5.00 | 66.00 | 71.00 | OK | |
| r-release-windows-x86_64 | 1.23-1 | 6.00 | 86.00 | 92.00 | OK | |
| r-oldrel-macos-arm64 | 1.23-1 | 3.00 | 41.00 | 44.00 | OK | |
| r-oldrel-macos-x86_64 | 1.23-1 | 4.00 | 47.00 | 51.00 | OK | |
| r-oldrel-windows-x86_64 | 1.23-1 | 10.00 | 93.00 | 103.00 | OK | 
Version: 1.23-1
Check: CRAN incoming feasibility
Result: NOTE
  Maintainer: ‘Toni Giorgino <toni.giorgino@gmail.com>’
  
  Package CITATION file contains call(s) to old-style personList() or
  as.personList().  Please use c() on person objects instead.
Flavors: r-devel-linux-x86_64-debian-clang, r-devel-linux-x86_64-debian-gcc