Last updated on 2025-07-01 07:50:11 CEST.
Flavor | Version | Tinstall | Tcheck | Ttotal | Status | Flags |
---|---|---|---|---|---|---|
r-devel-linux-x86_64-debian-clang | 0.0.3 | 2.84 | 30.13 | 32.97 | OK | |
r-devel-linux-x86_64-debian-gcc | 0.0.3 | 2.06 | 23.91 | 25.97 | ERROR | |
r-devel-linux-x86_64-fedora-clang | 0.0.3 | 52.70 | OK | |||
r-devel-linux-x86_64-fedora-gcc | 0.0.3 | 66.34 | OK | |||
r-devel-windows-x86_64 | 0.0.3 | 5.00 | 50.00 | 55.00 | OK | |
r-patched-linux-x86_64 | OK | |||||
r-release-linux-x86_64 | 0.0.3 | 2.68 | 27.11 | 29.79 | OK | |
r-release-macos-arm64 | 0.0.3 | 32.00 | OK | |||
r-release-macos-x86_64 | 0.0.3 | 82.00 | OK | |||
r-release-windows-x86_64 | 0.0.3 | 4.00 | 49.00 | 53.00 | OK | |
r-oldrel-macos-arm64 | 0.0.3 | 35.00 | OK | |||
r-oldrel-macos-x86_64 | 0.0.3 | 90.00 | OK | |||
r-oldrel-windows-x86_64 | 0.0.3 | 6.00 | 56.00 | 62.00 | OK |
Version: 0.0.3
Check: re-building of vignette outputs
Result: ERROR
Error(s) in re-building vignettes:
...
--- re-building ‘introduction.Rmd’ using rmarkdown
Quitting from introduction.Rmd:75-81 [get_idp_admin0]
~~~~~~~~~~~~~~~~~~~~~~~~~~~~~~~~~~~~~~~~~~~~~~~~~~~~~~~~~~~~~~~~~~~~~~~~~~~~~~~~
<error/rlang_error>
Error in `value[[3L]]()`:
! API request failed: API error: No Country found matching your query.
---
Backtrace:
▆
1. └─dtmapi::get_idp_admin0_data(...)
2. └─base::tryCatch(...)
3. └─base (local) tryCatchList(expr, classes, parentenv, handlers)
4. └─base (local) tryCatchOne(expr, names, parentenv, handlers[[1L]])
5. └─value[[3L]](cond)
~~~~~~~~~~~~~~~~~~~~~~~~~~~~~~~~~~~~~~~~~~~~~~~~~~~~~~~~~~~~~~~~~~~~~~~~~~~~~~~~
Error: processing vignette 'introduction.Rmd' failed with diagnostics:
API request failed: API error: No Country found matching your query.
--- failed re-building ‘introduction.Rmd’
SUMMARY: processing the following file failed:
‘introduction.Rmd’
Error: Vignette re-building failed.
Execution halted
Flavor: r-devel-linux-x86_64-debian-gcc