Last updated on 2024-07-26 07:51:49 CEST.
Flavor | Version | Tinstall | Tcheck | Ttotal | Status | Flags |
---|---|---|---|---|---|---|
r-devel-linux-x86_64-debian-clang | 1.7.0 | 11.21 | 219.93 | 231.14 | OK | |
r-devel-linux-x86_64-debian-gcc | 1.7.0 | 10.10 | 160.58 | 170.68 | OK | |
r-devel-linux-x86_64-fedora-clang | 1.7.0 | 309.14 | OK | |||
r-devel-linux-x86_64-fedora-gcc | 1.7.0 | 290.39 | OK | |||
r-devel-windows-x86_64 | 1.7.0 | 14.00 | 182.00 | 196.00 | OK | |
r-patched-linux-x86_64 | 1.7.0 | OK | ||||
r-release-linux-x86_64 | 1.7.0 | 11.33 | 202.93 | 214.26 | OK | |
r-release-macos-arm64 | 1.7.0 | 105.00 | OK | |||
r-release-macos-x86_64 | 1.7.0 | 251.00 | OK | |||
r-release-windows-x86_64 | 1.7.0 | 14.00 | 181.00 | 195.00 | OK | |
r-oldrel-macos-arm64 | 1.7.0 | 128.00 | ERROR | |||
r-oldrel-macos-x86_64 | 1.7.0 | 226.00 | ERROR | |||
r-oldrel-windows-x86_64 | 1.7.0 | 18.00 | 224.00 | 242.00 | OK |
Version: 1.7.0
Check: running R code from vignettes
Result: ERROR
Errors in running code in vignettes:
when running code in ‘Captain_Example.Rmd’
...
> knitr::opts_knit$set(echo = TRUE, root.dir = "..")
> load("data/ads.rda")
Warning in readChar(con, 5L, useBytes = TRUE) :
cannot open compressed file 'data/ads.rda', probable reason 'No such file or directory'
When sourcing ‘Captain_Example.R’:
Error: cannot open the connection
Execution halted
‘Bayes_Rule.Rmd’ using ‘UTF-8’... [1s/1s] OK
‘Captain_Example.Rmd’ using ‘UTF-8’... failed
‘Crime_Scene.Rmd’ using ‘UTF-8’... [1s/1s] OK
‘Crime_Scene_Commonality.Rmd’ using ‘UTF-8’... [2s/2s] OK
‘Evidential_Modelling.Rmd’ using ‘UTF-8’... [1s/1s] OK
‘Holmes_Burglary.Rmd’ using ‘UTF-8’... [1s/1s] OK
‘Introduction_to_Belief_Functions.Rmd’ using ‘UTF-8’... [1s/1s] OK
‘PJM_example_DSC.Rmd’ using ‘UTF-8’... [1s/1s] OK
‘PJM_example_DSC_Multivalued_Map.Rmd’ using ‘UTF-8’... [1s/1s] OK
‘PJM_example_DSC_Simplified.Rmd’ using ‘UTF-8’... [1s/1s] OK
‘Reliability_Proof_Machinery.Rmd’ using ‘UTF-8’... [1s/1s] OK
‘Simple_Implication.Rmd’ using ‘UTF-8’... [1s/1s] OK
‘Template.Rmd’ using ‘UTF-8’... [1s/1s] OK
‘The_Monty_Hall_Game.Rmd’ using ‘UTF-8’... [1s/1s] OK
‘The_PJM_example.Rmd’ using ‘UTF-8’... [1s/1s] OK
‘Zadeh_Example.Rmd’ using ‘UTF-8’... [1s/1s] OK
Flavor: r-oldrel-macos-arm64
Version: 1.7.0
Check: running R code from vignettes
Result: ERROR
Errors in running code in vignettes:
when running code in ‘Captain_Example.Rmd’
...
> knitr::opts_knit$set(echo = TRUE, root.dir = "..")
> load("data/ads.rda")
Warning in readChar(con, 5L, useBytes = TRUE) :
cannot open compressed file 'data/ads.rda', probable reason 'No such file or directory'
When sourcing ‘Captain_Example.R’:
Error: cannot open the connection
Execution halted
‘Bayes_Rule.Rmd’ using ‘UTF-8’... [2s/2s] OK
‘Captain_Example.Rmd’ using ‘UTF-8’... failed
‘Crime_Scene.Rmd’ using ‘UTF-8’... [2s/3s] OK
‘Crime_Scene_Commonality.Rmd’ using ‘UTF-8’... [3s/5s] OK
‘Evidential_Modelling.Rmd’ using ‘UTF-8’... [2s/2s] OK
‘Holmes_Burglary.Rmd’ using ‘UTF-8’... [2s/3s] OK
‘Introduction_to_Belief_Functions.Rmd’ using ‘UTF-8’... [2s/3s] OK
‘PJM_example_DSC.Rmd’ using ‘UTF-8’... [2s/3s] OK
‘PJM_example_DSC_Multivalued_Map.Rmd’ using ‘UTF-8’... [2s/3s] OK
‘PJM_example_DSC_Simplified.Rmd’ using ‘UTF-8’... [2s/3s] OK
‘Reliability_Proof_Machinery.Rmd’ using ‘UTF-8’... [2s/3s] OK
‘Simple_Implication.Rmd’ using ‘UTF-8’... [2s/3s] OK
‘Template.Rmd’ using ‘UTF-8’... [2s/3s] OK
‘The_Monty_Hall_Game.Rmd’ using ‘UTF-8’... [2s/3s] OK
‘The_PJM_example.Rmd’ using ‘UTF-8’... [2s/3s] OK
‘Zadeh_Example.Rmd’ using ‘UTF-8’... [2s/3s] OK
Flavor: r-oldrel-macos-x86_64