CRAN Package Check Results for Package dsample

Last updated on 2025-02-06 07:50:33 CET.

Flavor Version Tinstall Tcheck Ttotal Status Flags
r-devel-linux-x86_64-debian-clang 0.91.3.4 1.65 29.97 31.62 OK
r-devel-linux-x86_64-debian-gcc 0.91.3.4 1.30 24.76 26.06 OK
r-devel-linux-x86_64-fedora-clang 0.91.3.4 55.99 NOTE
r-devel-linux-x86_64-fedora-gcc 0.91.3.4 65.33 NOTE
r-devel-windows-x86_64 0.91.3.4 4.00 59.00 63.00 OK
r-patched-linux-x86_64 0.91.3.4 1.42 29.23 30.65 OK
r-release-linux-x86_64 0.91.3.4 1.35 29.50 30.85 OK
r-release-macos-arm64 0.91.3.4 26.00 OK
r-release-macos-x86_64 0.91.3.4 39.00 OK
r-release-windows-x86_64 0.91.3.4 4.00 57.00 61.00 OK
r-oldrel-macos-arm64 0.91.3.4 27.00 OK
r-oldrel-macos-x86_64 0.91.3.4 37.00 OK
r-oldrel-windows-x86_64 0.91.3.4 4.00 60.00 64.00 OK

Check Details

Version: 0.91.3.4
Check: dependencies in R code
Result: NOTE Namespace in Imports field not imported from: ‘mnormt’ All declared Imports should be used. Flavors: r-devel-linux-x86_64-fedora-clang, r-devel-linux-x86_64-fedora-gcc