Last updated on 2025-02-11 07:48:22 CET.
Flavor | Version | Tinstall | Tcheck | Ttotal | Status | Flags |
---|---|---|---|---|---|---|
r-devel-linux-x86_64-debian-clang | 1.1 | 1.73 | 16.52 | 18.25 | OK | |
r-devel-linux-x86_64-debian-gcc | 1.1 | 1.29 | 13.38 | 14.67 | OK | |
r-devel-linux-x86_64-fedora-clang | 1.1 | 30.88 | OK | |||
r-devel-linux-x86_64-fedora-gcc | 1.1 | 27.56 | OK | |||
r-devel-windows-x86_64 | 1.1 | 2.00 | 34.00 | 36.00 | OK | |
r-patched-linux-x86_64 | 1.1 | 1.68 | 15.53 | 17.21 | NOTE | |
r-release-linux-x86_64 | 1.1 | 1.53 | 15.46 | 16.99 | NOTE | |
r-release-macos-arm64 | 1.1 | 14.00 | NOTE | |||
r-release-macos-x86_64 | 1.1 | 21.00 | NOTE | |||
r-release-windows-x86_64 | 1.1 | 4.00 | 33.00 | 37.00 | NOTE | |
r-oldrel-macos-arm64 | 1.1 | 15.00 | NOTE | |||
r-oldrel-macos-x86_64 | 1.1 | 19.00 | NOTE | |||
r-oldrel-windows-x86_64 | 1.1 | 3.00 | 34.00 | 37.00 | NOTE |
Version: 1.1
Check: LazyData
Result: NOTE
'LazyData' is specified without a 'data' directory
Flavors: r-patched-linux-x86_64, r-release-linux-x86_64, r-release-macos-arm64, r-release-macos-x86_64, r-release-windows-x86_64, r-oldrel-macos-arm64, r-oldrel-macos-x86_64, r-oldrel-windows-x86_64