CRAN Package Check Results for Package distreg.vis

Last updated on 2025-11-02 07:50:04 CET.

Flavor Version Tinstall Tcheck Ttotal Status Flags
r-devel-linux-x86_64-debian-clang 1.7.5 15.56 170.87 186.43 NOTE
r-devel-linux-x86_64-debian-gcc 1.7.5 11.96 116.43 128.39 NOTE
r-devel-linux-x86_64-fedora-clang 1.7.5 33.00 254.78 287.78 OK
r-devel-linux-x86_64-fedora-gcc 1.7.5 32.00 245.70 277.70 OK
r-devel-windows-x86_64 1.7.5 18.00 162.00 180.00 NOTE
r-patched-linux-x86_64 1.7.5 16.16 161.49 177.65 NOTE
r-release-linux-x86_64 1.7.5 15.83 162.04 177.87 NOTE
r-release-macos-arm64 1.7.5 8.00 79.00 87.00 OK
r-release-macos-x86_64 1.7.5 14.00 121.00 135.00 OK
r-release-windows-x86_64 1.7.5 19.00 162.00 181.00 NOTE
r-oldrel-macos-arm64 1.7.5 9.00 71.00 80.00 OK
r-oldrel-macos-x86_64 1.7.5 11.00 120.00 131.00 OK
r-oldrel-windows-x86_64 1.7.5 27.00 210.00 237.00 OK

Check Details

Version: 1.7.5
Check: Rd cross-references
Result: NOTE Found the following Rd file(s) with Rd \link{} targets missing package anchors: dists.Rd: betareg moments.Rd: betareg, gamlss, bamlss plot_dist.Rd: gamlss, bamlss, betareg, ggplot2 plot_moments.Rd: gamlss, bamlss, betareg Please provide package anchors for all Rd \link{} targets not in the package itself and the base packages. Flavors: r-devel-linux-x86_64-debian-clang, r-devel-linux-x86_64-debian-gcc, r-devel-windows-x86_64, r-patched-linux-x86_64, r-release-linux-x86_64, r-release-windows-x86_64