Last updated on 2024-07-26 07:51:48 CEST.
Flavor | Version | Tinstall | Tcheck | Ttotal | Status | Flags |
---|---|---|---|---|---|---|
r-devel-linux-x86_64-debian-clang | 2.8.2 | 18.43 | 64.50 | 82.93 | OK | |
r-devel-linux-x86_64-debian-gcc | 2.8.2 | 17.26 | 48.88 | 66.14 | OK | |
r-devel-linux-x86_64-fedora-clang | 2.8.2 | 109.50 | NOTE | |||
r-devel-linux-x86_64-fedora-gcc | 2.8.2 | 107.04 | OK | |||
r-devel-windows-x86_64 | 2.8.2 | 16.00 | 69.00 | 85.00 | OK | |
r-patched-linux-x86_64 | 2.8.2 | OK | ||||
r-release-linux-x86_64 | 2.8.2 | 23.81 | 62.54 | 86.35 | OK | |
r-release-macos-arm64 | 2.8.2 | 31.00 | OK | |||
r-release-macos-x86_64 | 2.8.2 | 47.00 | OK | |||
r-release-windows-x86_64 | 2.8.2 | 17.00 | 70.00 | 87.00 | OK | |
r-oldrel-macos-arm64 | 2.8.2 | 40.00 | OK | |||
r-oldrel-macos-x86_64 | 2.8.2 | 86.00 | OK | |||
r-oldrel-windows-x86_64 | 2.8.2 | 16.00 | 79.00 | 95.00 | OK |
Version: 2.8.2
Check: Rd cross-references
Result: NOTE
Undeclared package ‘distrTEst’ in Rd xrefs
Flavor: r-devel-linux-x86_64-fedora-clang