Last updated on 2025-02-19 07:53:40 CET.
Flavor | Version | Tinstall | Tcheck | Ttotal | Status | Flags |
---|---|---|---|---|---|---|
r-devel-linux-x86_64-debian-clang | 0.1.11 | 19.01 | 22.87 | 41.88 | OK | |
r-devel-linux-x86_64-debian-gcc | 0.1.11 | 11.93 | 17.44 | 29.37 | OK | |
r-devel-linux-x86_64-fedora-clang | 0.1.11 | 103.77 | OK | |||
r-devel-linux-x86_64-fedora-gcc | 0.1.11 | 66.80 | OK | |||
r-devel-macos-arm64 | 0.1.11 | 23.00 | OK | |||
r-devel-macos-x86_64 | 0.1.11 | 38.00 | OK | |||
r-devel-windows-x86_64 | 0.1.11 | 26.00 | 65.00 | 91.00 | OK | |
r-patched-linux-x86_64 | 0.1.11 | 16.19 | 21.74 | 37.93 | OK | |
r-release-linux-x86_64 | 0.1.11 | 16.52 | 21.49 | 38.01 | OK | |
r-release-macos-arm64 | 0.1.11 | 26.00 | OK | |||
r-release-macos-x86_64 | 0.1.11 | 53.00 | OK | |||
r-release-windows-x86_64 | 0.1.11 | 24.00 | 76.00 | 100.00 | WARN | |
r-oldrel-macos-arm64 | 0.1.11 | 32.00 | OK | |||
r-oldrel-macos-x86_64 | 0.1.11 | 47.00 | OK | |||
r-oldrel-windows-x86_64 | 0.1.11 | 28.00 | 67.00 | 95.00 | OK |
Version: 0.1.11
Check: S3 generic/method consistency
Result: WARN
During startup - Warning message:
In read.table(file = file, header = header, sep = sep, quote = quote, :
cols = 6 != length(data) = 7
See section 'Generic functions and methods' in the 'Writing R
Extensions' manual.
Flavor: r-release-windows-x86_64
Version: 0.1.11
Check: replacement functions
Result: WARN
During startup - Warning message:
In read.table(file = file, header = header, sep = sep, quote = quote, :
cols = 6 != length(data) = 7
The argument of a replacement function which corresponds to the right
hand side must be named 'value'.
Flavor: r-release-windows-x86_64
Version: 0.1.11
Check: foreign function calls
Result: NOTE
During startup - Warning message:
In read.table(file = file, header = header, sep = sep, quote = quote, :
cols = 6 != length(data) = 7
See chapter 'System and foreign language interfaces' in the 'Writing R
Extensions' manual.
Flavor: r-release-windows-x86_64
Version: 0.1.11
Check: R code for possible problems
Result: NOTE
During startup - Warning message:
In read.table(file = file, header = header, sep = sep, quote = quote, :
cols = 6 != length(data) = 7
During startup - Warning message:
In read.table(file = file, header = header, sep = sep, quote = quote, :
cols = 6 != length(data) = 7
Warning in read.table(file = file, header = header, sep = sep, quote = quote, :
cols = 6 != length(data) = 7
Flavor: r-release-windows-x86_64
Version: 0.1.11
Check: Rd files
Result: WARN
During startup - Warning message:
In read.table(file = file, header = header, sep = sep, quote = quote, :
cols = 6 != length(data) = 7
Flavor: r-release-windows-x86_64
Version: 0.1.11
Check: Rd cross-references
Result: WARN
Warning in read.table(file = file, header = header, sep = sep, quote = quote, :
cols = 6 != length(data) = 7
Flavor: r-release-windows-x86_64
Version: 0.1.11
Check: for missing documentation entries
Result: WARN
During startup - Warning message:
In read.table(file = file, header = header, sep = sep, quote = quote, :
cols = 6 != length(data) = 7
All user-level objects in a package should have documentation entries.
See chapter 'Writing R documentation files' in the 'Writing R
Extensions' manual.
Flavor: r-release-windows-x86_64
Version: 0.1.11
Check: for code/documentation mismatches
Result: WARN
During startup - Warning message:
In read.table(file = file, header = header, sep = sep, quote = quote, :
cols = 6 != length(data) = 7
During startup - Warning message:
In read.table(file = file, header = header, sep = sep, quote = quote, :
cols = 6 != length(data) = 7
During startup - Warning message:
In read.table(file = file, header = header, sep = sep, quote = quote, :
cols = 6 != length(data) = 7
Flavor: r-release-windows-x86_64
Version: 0.1.11
Check: Rd \usage sections
Result: WARN
During startup - Warning message:
In read.table(file = file, header = header, sep = sep, quote = quote, :
cols = 6 != length(data) = 7
Functions with \usage entries need to have the appropriate \alias
entries, and all their arguments documented.
The \usage entries must correspond to syntactically valid R code.
See chapter 'Writing R documentation files' in the 'Writing R
Extensions' manual.
During startup - Warning message:
In read.table(file = file, header = header, sep = sep, quote = quote, :
cols = 6 != length(data) = 7
The \usage entries for S3 methods should use the \method markup and not
their full name.
See chapter 'Writing R documentation files' in the 'Writing R
Extensions' manual.
Flavor: r-release-windows-x86_64
Version: 0.1.11
Check: Rd contents
Result: NOTE
Warning in read.table(file = file, header = header, sep = sep, quote = quote, :
cols = 6 != length(data) = 7
Flavor: r-release-windows-x86_64
Version: 0.1.11
Check: for unstated dependencies in examples
Result: WARN
Warning in read.table(file = file, header = header, sep = sep, quote = quote, :
cols = 6 != length(data) = 7
Flavor: r-release-windows-x86_64
Version: 0.1.11
Check: compiled code
Result: NOTE
Warning in read.table(file = file, header = header, sep = sep, quote = quote, :
cols = 6 != length(data) = 7
See 'Writing portable packages' in the 'Writing R Extensions' manual.
Flavor: r-release-windows-x86_64
Version: 0.1.11
Check: for unstated dependencies in ‘tests’
Result: WARN
Warning in read.table(file = file, header = header, sep = sep, quote = quote, :
cols = 6 != length(data) = 7
Flavor: r-release-windows-x86_64