Last updated on 2025-02-19 07:53:40 CET.
Flavor | Version | Tinstall | Tcheck | Ttotal | Status | Flags |
---|---|---|---|---|---|---|
r-devel-linux-x86_64-debian-clang | 1.1 | 31.14 | 243.46 | 274.60 | OK | |
r-devel-linux-x86_64-debian-gcc | 1.1 | 20.61 | 155.10 | 175.71 | OK | |
r-devel-linux-x86_64-fedora-clang | 1.1 | 472.68 | OK | |||
r-devel-linux-x86_64-fedora-gcc | 1.1 | 419.38 | OK | |||
r-devel-macos-arm64 | 1.1 | 95.00 | OK | |||
r-devel-macos-x86_64 | 1.1 | 222.00 | OK | |||
r-devel-windows-x86_64 | 1.1 | 29.00 | 186.00 | 215.00 | OK | |
r-patched-linux-x86_64 | 1.1 | 29.63 | 228.63 | 258.26 | OK | |
r-release-linux-x86_64 | 1.1 | 28.21 | 227.80 | 256.01 | OK | |
r-release-macos-arm64 | 1.1 | 91.00 | OK | |||
r-release-macos-x86_64 | 1.1 | 148.00 | OK | |||
r-release-windows-x86_64 | 1.1 | 29.00 | 180.00 | 209.00 | WARN | |
r-oldrel-macos-arm64 | 1.1 | 96.00 | OK | |||
r-oldrel-macos-x86_64 | 1.1 | 237.00 | OK | |||
r-oldrel-windows-x86_64 | 1.1 | 40.00 | 262.00 | 302.00 | OK |
Version: 1.1
Check: S3 generic/method consistency
Result: WARN
During startup - Warning message:
In read.table(file = file, header = header, sep = sep, quote = quote, :
cols = 6 != length(data) = 7
See section 'Generic functions and methods' in the 'Writing R
Extensions' manual.
Flavor: r-release-windows-x86_64
Version: 1.1
Check: replacement functions
Result: WARN
During startup - Warning message:
In read.table(file = file, header = header, sep = sep, quote = quote, :
cols = 6 != length(data) = 7
The argument of a replacement function which corresponds to the right
hand side must be named 'value'.
Flavor: r-release-windows-x86_64
Version: 1.1
Check: foreign function calls
Result: NOTE
During startup - Warning message:
In read.table(file = file, header = header, sep = sep, quote = quote, :
cols = 6 != length(data) = 7
See chapter 'System and foreign language interfaces' in the 'Writing R
Extensions' manual.
Flavor: r-release-windows-x86_64
Version: 1.1
Check: R code for possible problems
Result: NOTE
During startup - Warning message:
In read.table(file = file, header = header, sep = sep, quote = quote, :
cols = 6 != length(data) = 7
During startup - Warning message:
In read.table(file = file, header = header, sep = sep, quote = quote, :
cols = 6 != length(data) = 7
Warning in read.table(file = file, header = header, sep = sep, quote = quote, :
cols = 6 != length(data) = 7
Flavor: r-release-windows-x86_64
Version: 1.1
Check: Rd files
Result: WARN
During startup - Warning message:
In read.table(file = file, header = header, sep = sep, quote = quote, :
cols = 6 != length(data) = 7
Flavor: r-release-windows-x86_64
Version: 1.1
Check: for missing documentation entries
Result: WARN
During startup - Warning message:
In read.table(file = file, header = header, sep = sep, quote = quote, :
cols = 6 != length(data) = 7
All user-level objects in a package should have documentation entries.
See chapter 'Writing R documentation files' in the 'Writing R
Extensions' manual.
Flavor: r-release-windows-x86_64
Version: 1.1
Check: for code/documentation mismatches
Result: WARN
During startup - Warning message:
In read.table(file = file, header = header, sep = sep, quote = quote, :
cols = 6 != length(data) = 7
During startup - Warning message:
In read.table(file = file, header = header, sep = sep, quote = quote, :
cols = 6 != length(data) = 7
During startup - Warning message:
In read.table(file = file, header = header, sep = sep, quote = quote, :
cols = 6 != length(data) = 7
Flavor: r-release-windows-x86_64
Version: 1.1
Check: Rd \usage sections
Result: WARN
During startup - Warning message:
In read.table(file = file, header = header, sep = sep, quote = quote, :
cols = 6 != length(data) = 7
Functions with \usage entries need to have the appropriate \alias
entries, and all their arguments documented.
The \usage entries must correspond to syntactically valid R code.
See chapter 'Writing R documentation files' in the 'Writing R
Extensions' manual.
During startup - Warning message:
In read.table(file = file, header = header, sep = sep, quote = quote, :
cols = 6 != length(data) = 7
The \usage entries for S3 methods should use the \method markup and not
their full name.
See chapter 'Writing R documentation files' in the 'Writing R
Extensions' manual.
Flavor: r-release-windows-x86_64
Version: 1.1
Check: Rd contents
Result: NOTE
Warning in read.table(file = file, header = header, sep = sep, quote = quote, :
cols = 6 != length(data) = 7
Flavor: r-release-windows-x86_64
Version: 1.1
Check: for unstated dependencies in examples
Result: WARN
Warning in read.table(file = file, header = header, sep = sep, quote = quote, :
cols = 6 != length(data) = 7
Flavor: r-release-windows-x86_64
Version: 1.1
Check: data for non-ASCII characters
Result: NOTE
During startup - Warning message:
In read.table(file = file, header = header, sep = sep, quote = quote, :
cols = 6 != length(data) = 7
Flavor: r-release-windows-x86_64
Version: 1.1
Check: data for ASCII and uncompressed saves
Result: WARN
During startup - Warning message:
In read.table(file = file, header = header, sep = sep, quote = quote, :
cols = 6 != length(data) = 7
Flavor: r-release-windows-x86_64
Version: 1.1
Check: compiled code
Result: NOTE
Warning in read.table(file = file, header = header, sep = sep, quote = quote, :
cols = 6 != length(data) = 7
See 'Writing portable packages' in the 'Writing R Extensions' manual.
Flavor: r-release-windows-x86_64