CRAN Package Check Results for Package disparityfilter

Last updated on 2025-02-19 07:53:40 CET.

Flavor Version Tinstall Tcheck Ttotal Status Flags
r-devel-linux-x86_64-debian-clang 2.2.3 2.71 27.59 30.30 OK
r-devel-linux-x86_64-debian-gcc 2.2.3 1.91 20.53 22.44 OK
r-devel-linux-x86_64-fedora-clang 2.2.3 54.17 OK
r-devel-linux-x86_64-fedora-gcc 2.2.3 45.70 OK
r-devel-macos-arm64 2.2.3 20.00 OK
r-devel-macos-x86_64 2.2.3 36.00 OK
r-devel-windows-x86_64 2.2.3 4.00 48.00 52.00 OK
r-patched-linux-x86_64 2.2.3 2.63 26.00 28.63 NOTE
r-release-linux-x86_64 2.2.3 1.91 26.42 28.33 NOTE
r-release-macos-arm64 2.2.3 18.00 NOTE
r-release-macos-x86_64 2.2.3 26.00 NOTE
r-release-windows-x86_64 2.2.3 4.00 3.00 7.00 FAIL
r-oldrel-macos-arm64 2.2.3 20.00 NOTE
r-oldrel-macos-x86_64 2.2.3 25.00 NOTE
r-oldrel-windows-x86_64 2.2.3 5.00 51.00 56.00 NOTE

Check Details

Version: 2.2.3
Check: LazyData
Result: NOTE 'LazyData' is specified without a 'data' directory Flavors: r-patched-linux-x86_64, r-release-linux-x86_64, r-release-macos-arm64, r-release-macos-x86_64, r-oldrel-macos-arm64, r-oldrel-macos-x86_64, r-oldrel-windows-x86_64

Version: 2.2.3
Check: package dependencies
Result: FAIL
Flavor: r-release-windows-x86_64