Last updated on 2025-02-19 07:53:40 CET.
Flavor | Version | Tinstall | Tcheck | Ttotal | Status | Flags |
---|---|---|---|---|---|---|
r-devel-linux-x86_64-debian-clang | 0.1.1 | 8.50 | 136.96 | 145.46 | OK | |
r-devel-linux-x86_64-debian-gcc | 0.1.1 | 6.12 | 90.28 | 96.40 | OK | |
r-devel-linux-x86_64-fedora-clang | 0.1.1 | 256.43 | OK | |||
r-devel-linux-x86_64-fedora-gcc | 0.1.1 | 225.81 | OK | |||
r-devel-macos-arm64 | 0.1.1 | 63.00 | OK | |||
r-devel-macos-x86_64 | 0.1.1 | 159.00 | OK | |||
r-devel-windows-x86_64 | 0.1.1 | 10.00 | 136.00 | 146.00 | OK | |
r-patched-linux-x86_64 | 0.1.1 | 8.31 | 130.15 | 138.46 | OK | |
r-release-linux-x86_64 | 0.1.1 | 6.71 | 129.61 | 136.32 | OK | |
r-release-macos-arm64 | 0.1.1 | 62.00 | OK | |||
r-release-macos-x86_64 | 0.1.1 | 108.00 | OK | |||
r-release-windows-x86_64 | 0.1.1 | 9.00 | 3.00 | 12.00 | FAIL | |
r-oldrel-macos-arm64 | 0.1.1 | 75.00 | OK | |||
r-oldrel-macos-x86_64 | 0.1.1 | 173.00 | OK | |||
r-oldrel-windows-x86_64 | 0.1.1 | 11.00 | 155.00 | 166.00 | OK |
Version: 0.1.1
Check: package dependencies
Result: FAIL
Flavor: r-release-windows-x86_64