CRAN Package Check Results for Package dials

Last updated on 2025-06-30 07:49:18 CEST.

Flavor Version Tinstall Tcheck Ttotal Status Flags
r-devel-linux-x86_64-debian-clang 1.4.0 8.54 93.82 102.36 NOTE
r-devel-linux-x86_64-debian-gcc 1.4.0 5.82 63.41 69.23 NOTE
r-devel-linux-x86_64-fedora-clang 1.4.0 160.56 OK
r-devel-linux-x86_64-fedora-gcc 1.4.0 163.42 OK
r-devel-windows-x86_64 1.4.0 11.00 127.00 138.00 OK
r-patched-linux-x86_64 OK
r-release-linux-x86_64 1.4.0 7.63 86.26 93.89 OK
r-release-macos-arm64 1.4.0 55.00 OK
r-release-macos-x86_64 1.4.0 92.00 OK
r-release-windows-x86_64 1.4.0 11.00 124.00 135.00 OK
r-oldrel-macos-arm64 1.4.0 59.00 OK
r-oldrel-macos-x86_64 1.4.0 117.00 OK
r-oldrel-windows-x86_64 1.4.0 12.00 146.00 158.00 OK

Check Details

Version: 1.4.0
Check: DESCRIPTION meta-information
Result: NOTE Author field differs from that derived from Authors@R Author: ‘Max Kuhn [aut], Hannah Frick [aut, cre], Posit Software, PBC [cph, fnd] (03wc8by49)’ Authors@R: ‘Max Kuhn [aut], Hannah Frick [aut, cre], Posit Software, PBC [cph, fnd] (ROR: <https://ror.org/03wc8by49>)’ Flavors: r-devel-linux-x86_64-debian-clang, r-devel-linux-x86_64-debian-gcc