Last updated on 2024-07-26 07:51:48 CEST.
Flavor | Version | Tinstall | Tcheck | Ttotal | Status | Flags |
---|---|---|---|---|---|---|
r-devel-linux-x86_64-debian-clang | 1.1 | 23.90 | 137.14 | 161.04 | NOTE | |
r-devel-linux-x86_64-debian-gcc | 1.1 | 23.34 | 102.61 | 125.95 | NOTE | |
r-devel-linux-x86_64-fedora-clang | 1.1 | 218.71 | NOTE | |||
r-devel-linux-x86_64-fedora-gcc | 1.1 | 199.53 | NOTE | |||
r-devel-windows-x86_64 | 1.1 | 16.00 | 115.00 | 131.00 | NOTE | |
r-patched-linux-x86_64 | 1.1 | NOTE | ||||
r-release-linux-x86_64 | 1.1 | 19.41 | 131.47 | 150.88 | NOTE | |
r-release-macos-arm64 | 1.1 | 48.00 | NOTE | |||
r-release-macos-x86_64 | 1.1 | 69.00 | NOTE | |||
r-release-windows-x86_64 | 1.1 | 16.00 | 114.00 | 130.00 | NOTE | |
r-oldrel-macos-arm64 | 1.1 | 40.00 | NOTE | |||
r-oldrel-macos-x86_64 | 1.1 | 70.00 | NOTE | |||
r-oldrel-windows-x86_64 | 1.1 | 21.00 | 130.00 | 151.00 | NOTE |
Version: 1.1
Check: LazyData
Result: NOTE
'LazyData' is specified without a 'data' directory
Flavors: r-devel-linux-x86_64-debian-clang, r-devel-linux-x86_64-debian-gcc, r-devel-linux-x86_64-fedora-clang, r-devel-linux-x86_64-fedora-gcc, r-devel-windows-x86_64, r-patched-linux-x86_64, r-release-linux-x86_64, r-release-macos-arm64, r-release-macos-x86_64, r-release-windows-x86_64, r-oldrel-macos-arm64, r-oldrel-macos-x86_64, r-oldrel-windows-x86_64