CRAN Package Check Results for Package dfCompare

Last updated on 2025-02-11 07:48:21 CET.

Flavor Version Tinstall Tcheck Ttotal Status Flags
r-devel-linux-x86_64-debian-clang 1.0.0 1.34 15.06 16.40 OK
r-devel-linux-x86_64-debian-gcc 1.0.0 1.28 12.37 13.65 OK
r-devel-linux-x86_64-fedora-clang 1.0.0 28.40 OK
r-devel-linux-x86_64-fedora-gcc 1.0.0 25.61 OK
r-devel-windows-x86_64 1.0.0 3.00 34.00 37.00 OK
r-patched-linux-x86_64 1.0.0 1.48 14.62 16.10 NOTE
r-release-linux-x86_64 1.0.0 1.35 14.55 15.90 NOTE
r-release-macos-arm64 1.0.0 13.00 NOTE
r-release-macos-x86_64 1.0.0 21.00 NOTE
r-release-windows-x86_64 1.0.0 2.00 33.00 35.00 NOTE
r-oldrel-macos-arm64 1.0.0 13.00 NOTE
r-oldrel-macos-x86_64 1.0.0 17.00 NOTE
r-oldrel-windows-x86_64 1.0.0 2.00 33.00 35.00 NOTE

Check Details

Version: 1.0.0
Check: LazyData
Result: NOTE 'LazyData' is specified without a 'data' directory Flavors: r-patched-linux-x86_64, r-release-linux-x86_64, r-release-macos-arm64, r-release-macos-x86_64, r-release-windows-x86_64, r-oldrel-macos-arm64, r-oldrel-macos-x86_64, r-oldrel-windows-x86_64