Last updated on 2024-05-13 07:49:58 CEST.
Flavor | Version | Tinstall | Tcheck | Ttotal | Status | Flags |
---|---|---|---|---|---|---|
r-devel-linux-x86_64-debian-clang | 0.1.0 | 6.96 | 71.83 | 78.79 | NOTE | |
r-devel-linux-x86_64-debian-gcc | 0.1.0 | 5.76 | 54.67 | 60.43 | NOTE | |
r-devel-linux-x86_64-fedora-clang | 0.1.0 | 100.54 | NOTE | |||
r-devel-linux-x86_64-fedora-gcc | 0.1.0 | 123.70 | NOTE | |||
r-devel-windows-x86_64 | 0.1.0 | 7.00 | 71.00 | 78.00 | NOTE | |
r-patched-linux-x86_64 | 0.1.0 | 4.74 | 68.54 | 73.28 | NOTE | |
r-release-linux-x86_64 | 0.1.0 | 4.45 | 69.15 | 73.60 | NOTE | |
r-release-macos-arm64 | 0.1.0 | 34.00 | NOTE | |||
r-release-windows-x86_64 | 0.1.0 | 6.00 | 72.00 | 78.00 | NOTE | |
r-oldrel-macos-arm64 | 0.1.0 | 36.00 | NOTE | |||
r-oldrel-macos-x86_64 | 0.1.0 | 50.00 | NOTE | |||
r-oldrel-windows-x86_64 | 0.1.0 | 9.00 | 81.00 | 90.00 | NOTE |
Version: 0.1.0
Check: LazyData
Result: NOTE
'LazyData' is specified without a 'data' directory
Flavors: r-devel-linux-x86_64-debian-clang, r-devel-linux-x86_64-debian-gcc, r-devel-linux-x86_64-fedora-clang, r-devel-linux-x86_64-fedora-gcc, r-devel-windows-x86_64, r-patched-linux-x86_64, r-release-linux-x86_64, r-release-macos-arm64, r-release-windows-x86_64, r-oldrel-macos-arm64, r-oldrel-macos-x86_64, r-oldrel-windows-x86_64