CRAN Package Check Results for Package demogR

Last updated on 2025-05-09 07:50:53 CEST.

Flavor Version Tinstall Tcheck Ttotal Status Flags
r-devel-linux-x86_64-debian-clang 0.6.0 3.79 28.35 32.14 NOTE
r-devel-linux-x86_64-debian-gcc 0.6.0 2.48 20.65 23.13 NOTE
r-devel-linux-x86_64-fedora-clang 0.6.0 49.07 OK
r-devel-linux-x86_64-fedora-gcc 0.6.0 47.37 OK
r-devel-windows-x86_64 0.6.0 5.00 49.00 54.00 OK
r-patched-linux-x86_64 0.6.0 4.14 26.38 30.52 OK
r-release-linux-x86_64 0.6.0 3.35 26.23 29.58 OK
r-release-macos-arm64 0.6.0 19.00 OK
r-release-macos-x86_64 0.6.0 30.00 OK
r-release-windows-x86_64 0.6.0 5.00 52.00 57.00 OK
r-oldrel-macos-arm64 0.6.0 18.00 OK
r-oldrel-macos-x86_64 0.6.0 27.00 OK
r-oldrel-windows-x86_64 0.6.0 4.00 47.00 51.00 OK

Check Details

Version: 0.6.0
Check: CRAN incoming feasibility
Result: NOTE Maintainer: ‘Hana Sevcikova <hanas@uw.edu>’ No Authors@R field in DESCRIPTION. Please add one, modifying Authors@R: c(person(given = c("James", "Holland"), family = "Jones", role = "aut", email = "jhj1@stanford.edu"), person(given = "Jim", family = "Oeppen", role = "ctb"), person(given = "Hana", family = "Sevcikova", role = "cre", email = "hanas@uw.edu")) as necessary. Package CITATION file contains call(s) to old-style personList() or as.personList(). Please use c() on person objects instead. Package CITATION file contains call(s) to old-style citEntry(). Please use bibentry() instead. Flavors: r-devel-linux-x86_64-debian-clang, r-devel-linux-x86_64-debian-gcc