Last updated on 2024-05-11 07:51:27 CEST.
Flavor | Version | Tinstall | Tcheck | Ttotal | Status | Flags |
---|---|---|---|---|---|---|
r-devel-linux-x86_64-debian-clang | 0.3.0 | 23.47 | 36.40 | 59.87 | NOTE | |
r-devel-linux-x86_64-debian-gcc | 0.3.0 | 14.73 | 27.68 | 42.41 | NOTE | |
r-devel-linux-x86_64-fedora-clang | 0.3.0 | 81.67 | NOTE | |||
r-devel-linux-x86_64-fedora-gcc | 0.3.0 | 143.10 | NOTE | |||
r-devel-windows-x86_64 | 0.3.0 | 19.00 | 73.00 | 92.00 | NOTE | |
r-patched-linux-x86_64 | 0.3.0 | 20.76 | 34.90 | 55.66 | NOTE | |
r-release-linux-x86_64 | 0.3.0 | 20.47 | 33.80 | 54.27 | NOTE | |
r-release-macos-arm64 | 0.3.0 | 29.00 | NOTE | |||
r-release-windows-x86_64 | 0.3.0 | 18.00 | 72.00 | 90.00 | NOTE | |
r-oldrel-macos-arm64 | 0.3.0 | 29.00 | NOTE | |||
r-oldrel-macos-x86_64 | 0.3.0 | 54.00 | NOTE | |||
r-oldrel-windows-x86_64 | 0.3.0 | 18.00 | 76.00 | 94.00 | NOTE |
Version: 0.3.0
Check: C++ specification
Result: NOTE
Specified C++11: please drop specification unless essential
Flavors: r-devel-linux-x86_64-debian-clang, r-devel-linux-x86_64-debian-gcc, r-devel-linux-x86_64-fedora-clang, r-devel-linux-x86_64-fedora-gcc, r-devel-windows-x86_64, r-patched-linux-x86_64, r-release-linux-x86_64, r-release-macos-arm64, r-release-windows-x86_64, r-oldrel-macos-arm64, r-oldrel-macos-x86_64, r-oldrel-windows-x86_64
Version: 0.3.0
Check: LazyData
Result: NOTE
'LazyData' is specified without a 'data' directory
Flavors: r-devel-linux-x86_64-debian-clang, r-devel-linux-x86_64-debian-gcc, r-devel-linux-x86_64-fedora-clang, r-devel-linux-x86_64-fedora-gcc, r-devel-windows-x86_64, r-patched-linux-x86_64, r-release-linux-x86_64, r-release-macos-arm64, r-release-windows-x86_64, r-oldrel-macos-arm64, r-oldrel-macos-x86_64, r-oldrel-windows-x86_64