Last updated on 2025-11-03 07:48:35 CET.
| Flavor | Version | Tinstall | Tcheck | Ttotal | Status | Flags | 
|---|---|---|---|---|---|---|
| r-devel-linux-x86_64-debian-clang | 1.0 | 3.95 | 59.92 | 63.87 | NOTE | |
| r-devel-linux-x86_64-debian-gcc | 1.0 | 2.55 | 45.81 | 48.36 | NOTE | |
| r-devel-linux-x86_64-fedora-clang | 1.0 | 90.12 | NOTE | |||
| r-devel-linux-x86_64-fedora-gcc | 1.0 | 13.00 | 81.17 | 94.17 | NOTE | |
| r-devel-windows-x86_64 | 1.0 | 6.00 | 78.00 | 84.00 | OK | |
| r-patched-linux-x86_64 | 1.0 | 4.05 | 57.04 | 61.09 | OK | |
| r-release-linux-x86_64 | 1.0 | 3.22 | 56.76 | 59.98 | OK | |
| r-release-macos-arm64 | 1.0 | 2.00 | 36.00 | 38.00 | OK | |
| r-release-macos-x86_64 | 1.0 | 3.00 | 55.00 | 58.00 | OK | |
| r-release-windows-x86_64 | 1.0 | 6.00 | 79.00 | 85.00 | OK | |
| r-oldrel-macos-arm64 | 1.0 | 2.00 | 30.00 | 32.00 | OK | |
| r-oldrel-macos-x86_64 | 1.0 | 2.00 | 43.00 | 45.00 | OK | |
| r-oldrel-windows-x86_64 | 1.0 | 7.00 | 91.00 | 98.00 | OK | 
Version: 1.0
Check: CRAN incoming feasibility
Result: NOTE
  Maintainer: ‘Guangsheng Pei <peiguangsheng@gmail.com>’
  
  No Authors@R field in DESCRIPTION.
  Please add one, modifying
    Authors@R: person(given = "Guangsheng",
                      family = "Pei",
                      role = c("aut", "cre"),
                      email = "peiguangsheng@gmail.com")
  as necessary.
  
  Found the following \keyword or \concept entries
  which likely give several index terms:
    File ‘deTS-package.Rd’:
      \keyword{ deTS; TSEA }
Flavors: r-devel-linux-x86_64-debian-clang, r-devel-linux-x86_64-debian-gcc
Version: 1.0
Check: dependencies in R code
Result: NOTE
  Namespace in Imports field not imported from: ‘RColorBrewer’
    All declared Imports should be used.
Flavors: r-devel-linux-x86_64-fedora-clang, r-devel-linux-x86_64-fedora-gcc