Last updated on 2024-05-09 07:56:42 CEST.
Flavor | Version | Tinstall | Tcheck | Ttotal | Status | Flags |
---|---|---|---|---|---|---|
r-devel-linux-x86_64-debian-clang | 0.32 | 24.94 | 197.84 | 222.78 | OK | |
r-devel-linux-x86_64-debian-gcc | 0.32 | 18.65 | 144.78 | 163.43 | OK | |
r-devel-linux-x86_64-fedora-clang | 0.32 | 284.10 | OK | |||
r-devel-linux-x86_64-fedora-gcc | 0.32 | 322.00 | OK | |||
r-devel-windows-x86_64 | 0.32 | 19.00 | 145.00 | 164.00 | OK | |
r-patched-linux-x86_64 | 0.32 | 19.13 | 189.93 | 209.06 | OK | |
r-release-linux-x86_64 | 0.32 | 14.54 | 185.95 | 200.49 | OK | |
r-release-macos-arm64 | 0.32 | 69.00 | OK | |||
r-release-macos-x86_64 | 0.32 | 126.00 | NOTE | |||
r-release-windows-x86_64 | 0.32 | 19.00 | 146.00 | 165.00 | OK | |
r-oldrel-macos-arm64 | 0.32 | 75.00 | NOTE | |||
r-oldrel-macos-x86_64 | 0.32 | 276.00 | OK | |||
r-oldrel-windows-x86_64 | 0.32 | 26.00 | 189.00 | 215.00 | OK |
Version: 0.32
Check: package dependencies
Result: NOTE
Package suggested but not available for checking: ‘snpStats’
Flavors: r-release-macos-x86_64, r-oldrel-macos-arm64
Version: 0.32
Check: Rd cross-references
Result: NOTE
Package unavailable to check Rd xrefs: ‘snpStats’
Flavors: r-release-macos-x86_64, r-oldrel-macos-arm64