Last updated on 2025-02-17 07:50:31 CET.
Flavor | Version | Tinstall | Tcheck | Ttotal | Status | Flags |
---|---|---|---|---|---|---|
r-devel-linux-x86_64-debian-clang | 1.0.6 | 36.56 | 655.30 | 691.86 | NOTE | |
r-devel-linux-x86_64-debian-gcc | 1.0.6 | 27.18 | 412.92 | 440.10 | NOTE | |
r-devel-linux-x86_64-fedora-clang | 1.0.6 | 1104.66 | OK | |||
r-devel-linux-x86_64-fedora-gcc | 1.0.6 | 958.88 | OK | |||
r-devel-macos-arm64 | 1.0.6 | 219.00 | OK | |||
r-devel-macos-x86_64 | 1.0.6 | 8.00 | ERROR | |||
r-devel-windows-x86_64 | 1.0.6 | 28.00 | 218.00 | 246.00 | NOTE | --no-vignettes |
r-patched-linux-x86_64 | 1.0.6 | 44.70 | 546.03 | 590.73 | OK | |
r-release-linux-x86_64 | 1.0.6 | 32.50 | 541.98 | 574.48 | OK | |
r-release-macos-arm64 | 1.0.6 | 198.00 | OK | |||
r-release-macos-x86_64 | 1.0.6 | 11.00 | ERROR | |||
r-release-windows-x86_64 | 1.0.6 | 27.00 | 210.00 | 237.00 | OK | --no-vignettes |
r-oldrel-macos-arm64 | 1.0.6 | 9.00 | ERROR | |||
r-oldrel-macos-x86_64 | 1.0.6 | 494.00 | OK | |||
r-oldrel-windows-x86_64 | 1.0.6 | 37.00 | 261.00 | 298.00 | OK | --no-vignettes |
Version: 1.0.6
Check: Rd cross-references
Result: NOTE
Found the following Rd file(s) with Rd \link{} targets missing package
anchors:
ctFit.Rd: ctModel
ctModelFromFit.Rd: ctModel
ctMultigroupFit.Rd: ctLongToWide, ctModel
ctPostPredict.Rd: ctPlotArray
ctRefineTo.Rd: ctModel
ctsemOMX.Rd: ctModel
summary.ctsemFit.Rd: ctModel
Please provide package anchors for all Rd \link{} targets not in the
package itself and the base packages.
Flavors: r-devel-linux-x86_64-debian-clang, r-devel-linux-x86_64-debian-gcc
Version: 1.0.6
Check: package dependencies
Result: ERROR
Package required but not available: ‘ctsem’
See section ‘The DESCRIPTION file’ in the ‘Writing R Extensions’
manual.
Flavors: r-devel-macos-x86_64, r-release-macos-x86_64, r-oldrel-macos-arm64
Version: 1.0.6
Flags: --no-vignettes
Check: Rd cross-references
Result: NOTE
Found the following Rd file(s) with Rd \link{} targets missing package
anchors:
ctFit.Rd: ctModel
ctModelFromFit.Rd: ctModel
ctMultigroupFit.Rd: ctLongToWide, ctModel
ctPostPredict.Rd: ctPlotArray
ctRefineTo.Rd: ctModel
ctsemOMX.Rd: ctModel
summary.ctsemFit.Rd: ctModel
Please provide package anchors for all Rd \link{} targets not in the
package itself and the base packages.
Flavor: r-devel-windows-x86_64