Last updated on 2025-02-19 07:53:39 CET.
Flavor | Version | Tinstall | Tcheck | Ttotal | Status | Flags |
---|---|---|---|---|---|---|
r-devel-linux-x86_64-debian-clang | 1.3.3 | 4.41 | 39.06 | 43.47 | OK | |
r-devel-linux-x86_64-debian-gcc | 1.3.3 | 2.51 | 28.33 | 30.84 | OK | |
r-devel-linux-x86_64-fedora-clang | 1.3.3 | 75.13 | OK | |||
r-devel-linux-x86_64-fedora-gcc | 1.3.3 | 62.77 | OK | |||
r-devel-macos-arm64 | 1.3.3 | 70.00 | OK | |||
r-devel-macos-x86_64 | 1.3.3 | 81.00 | OK | |||
r-devel-windows-x86_64 | 1.3.3 | 6.00 | 92.00 | 98.00 | OK | |
r-patched-linux-x86_64 | 1.3.3 | 5.70 | 37.13 | 42.83 | OK | |
r-release-linux-x86_64 | 1.3.3 | 3.99 | 36.93 | 40.92 | OK | |
r-release-macos-arm64 | 1.3.3 | 66.00 | OK | |||
r-release-macos-x86_64 | 1.3.3 | 85.00 | OK | |||
r-release-windows-x86_64 | 1.3.3 | 7.00 | 3.00 | 10.00 | FAIL | |
r-oldrel-macos-arm64 | 1.3.3 | 64.00 | OK | |||
r-oldrel-macos-x86_64 | 1.3.3 | 80.00 | OK | |||
r-oldrel-windows-x86_64 | 1.3.3 | 7.00 | 121.00 | 128.00 | OK |
Version: 1.3.3
Check: package dependencies
Result: FAIL
Flavor: r-release-windows-x86_64