Last updated on 2024-05-11 07:51:26 CEST.
Flavor | Version | Tinstall | Tcheck | Ttotal | Status | Flags |
---|---|---|---|---|---|---|
r-devel-linux-x86_64-debian-clang | 0.5.1 | 26.26 | 170.85 | 197.11 | NOTE | |
r-devel-linux-x86_64-debian-gcc | 0.5.1 | 18.89 | 119.48 | 138.37 | NOTE | |
r-devel-linux-x86_64-fedora-clang | 0.5.1 | 243.35 | NOTE | |||
r-devel-linux-x86_64-fedora-gcc | 0.5.1 | 272.21 | NOTE | |||
r-devel-windows-x86_64 | 0.5.1 | 23.00 | 137.00 | 160.00 | NOTE | |
r-patched-linux-x86_64 | 0.5.1 | 26.80 | 159.57 | 186.37 | NOTE | |
r-release-linux-x86_64 | 0.5.1 | 22.73 | 157.40 | 180.13 | NOTE | |
r-release-macos-arm64 | 0.5.1 | 66.00 | NOTE | |||
r-release-windows-x86_64 | 0.5.1 | 24.00 | 134.00 | 158.00 | NOTE | |
r-oldrel-macos-arm64 | 0.5.1 | 70.00 | OK | |||
r-oldrel-macos-x86_64 | 0.5.1 | 129.00 | OK | |||
r-oldrel-windows-x86_64 | 0.5.1 | 32.00 | 156.00 | 188.00 | OK |
Version: 0.5.1
Check: Rd files
Result: NOTE
checkRd: (-1) calculate_cell_volume.Rd:16: Lost braces; missing escapes or markup?
16 | V A real number. The volume (in angstroms^3 or angstroms^{-3})
| ^
Flavors: r-devel-linux-x86_64-debian-clang, r-devel-linux-x86_64-debian-gcc, r-devel-linux-x86_64-fedora-clang, r-devel-linux-x86_64-fedora-gcc, r-devel-windows-x86_64, r-patched-linux-x86_64, r-release-linux-x86_64, r-release-macos-arm64, r-release-windows-x86_64