CRAN Package Check Results for Package cpsR

Last updated on 2025-02-19 07:53:39 CET.

Flavor Version Tinstall Tcheck Ttotal Status Flags
r-devel-linux-x86_64-debian-clang 1.0.0 1.67 16.91 18.58 OK
r-devel-linux-x86_64-debian-gcc 1.0.0 1.11 13.79 14.90 OK
r-devel-linux-x86_64-fedora-clang 1.0.0 30.61 OK
r-devel-linux-x86_64-fedora-gcc 1.0.0 28.59 OK
r-devel-macos-arm64 1.0.0 16.00 OK
r-devel-macos-x86_64 1.0.0 23.00 OK
r-devel-windows-x86_64 1.0.0 3.00 40.00 43.00 OK
r-patched-linux-x86_64 1.0.0 1.74 16.40 18.14 OK
r-release-linux-x86_64 1.0.0 1.68 16.20 17.88 OK
r-release-macos-arm64 1.0.0 14.00 OK
r-release-macos-x86_64 1.0.0 20.00 OK
r-release-windows-x86_64 1.0.0 3.00 3.00 6.00 FAIL
r-oldrel-macos-arm64 1.0.0 22.00 OK
r-oldrel-macos-x86_64 1.0.0 24.00 OK
r-oldrel-windows-x86_64 1.0.0 3.00 37.00 40.00 OK

Check Details

Version: 1.0.0
Check: package dependencies
Result: FAIL
Flavor: r-release-windows-x86_64