Last updated on 2025-02-19 07:53:39 CET.
Flavor | Version | Tinstall | Tcheck | Ttotal | Status | Flags |
---|---|---|---|---|---|---|
r-devel-linux-x86_64-debian-clang | 1.13.4 | 10.07 | 52.62 | 62.69 | NOTE | |
r-devel-linux-x86_64-debian-gcc | 1.13.4 | 7.18 | 40.05 | 47.23 | NOTE | |
r-devel-linux-x86_64-fedora-clang | 1.13.4 | 101.46 | NOTE | |||
r-devel-linux-x86_64-fedora-gcc | 1.13.4 | 94.65 | NOTE | |||
r-devel-macos-arm64 | 1.13.4 | 36.00 | OK | |||
r-devel-macos-x86_64 | 1.13.4 | 63.00 | NOTE | |||
r-devel-windows-x86_64 | 1.13.4 | 13.00 | 72.00 | 85.00 | NOTE | |
r-patched-linux-x86_64 | 1.13.4 | 8.82 | 49.89 | 58.71 | OK | |
r-release-linux-x86_64 | 1.13.4 | 9.24 | 50.65 | 59.89 | OK | |
r-release-macos-arm64 | 1.13.4 | 31.00 | OK | |||
r-release-macos-x86_64 | 1.13.4 | 49.00 | OK | |||
r-release-windows-x86_64 | 1.13.4 | 13.00 | 3.00 | 16.00 | FAIL | |
r-oldrel-macos-arm64 | 1.13.4 | 35.00 | OK | |||
r-oldrel-macos-x86_64 | 1.13.4 | 56.00 | OK | |||
r-oldrel-windows-x86_64 | 1.13.4 | 16.00 | 87.00 | 103.00 | OK |
Version: 1.13.4
Check: DESCRIPTION meta-information
Result: NOTE
Missing dependency on R >= 4.1.0 because package code uses the pipe
|> or function shorthand \(...) syntax added in R 4.1.0.
File(s) using such syntax:
‘coxphf-tidiers.R’
Flavors: r-devel-linux-x86_64-debian-clang, r-devel-linux-x86_64-debian-gcc, r-devel-linux-x86_64-fedora-clang, r-devel-linux-x86_64-fedora-gcc, r-devel-macos-x86_64, r-devel-windows-x86_64
Version: 1.13.4
Check: package dependencies
Result: FAIL
Flavor: r-release-windows-x86_64