Last updated on 2024-07-26 07:51:46 CEST.
Flavor | Version | Tinstall | Tcheck | Ttotal | Status | Flags |
---|---|---|---|---|---|---|
r-devel-linux-x86_64-debian-clang | 0.9.1 | 2.56 | 121.15 | 123.71 | NOTE | |
r-devel-linux-x86_64-debian-gcc | 0.9.1 | 1.63 | 85.22 | 86.85 | NOTE | |
r-devel-linux-x86_64-fedora-clang | 0.9.1 | 150.12 | NOTE | |||
r-devel-linux-x86_64-fedora-gcc | 0.9.1 | 154.60 | NOTE | |||
r-devel-windows-x86_64 | 0.9.1 | 4.00 | 132.00 | 136.00 | NOTE | |
r-patched-linux-x86_64 | 0.9.1 | NOTE | ||||
r-release-linux-x86_64 | 0.9.1 | 2.12 | 110.87 | 112.99 | NOTE | |
r-release-macos-arm64 | 0.9.1 | 49.00 | NOTE | |||
r-release-macos-x86_64 | 0.9.1 | 94.00 | NOTE | |||
r-release-windows-x86_64 | 0.9.1 | 5.00 | 101.00 | 106.00 | NOTE | |
r-oldrel-macos-arm64 | 0.9.1 | 50.00 | NOTE | |||
r-oldrel-macos-x86_64 | 0.9.1 | 70.00 | NOTE | |||
r-oldrel-windows-x86_64 | 0.9.1 | 5.00 | 119.00 | 124.00 | NOTE |
Version: 0.9.1
Check: LazyData
Result: NOTE
'LazyData' is specified without a 'data' directory
Flavors: r-devel-linux-x86_64-debian-clang, r-devel-linux-x86_64-debian-gcc, r-devel-linux-x86_64-fedora-clang, r-devel-linux-x86_64-fedora-gcc, r-devel-windows-x86_64, r-patched-linux-x86_64, r-release-linux-x86_64, r-release-macos-arm64, r-release-macos-x86_64, r-release-windows-x86_64, r-oldrel-macos-arm64, r-oldrel-macos-x86_64, r-oldrel-windows-x86_64
Version: 0.9.1
Check: dependencies in R code
Result: NOTE
Namespace in Imports field not imported from: ‘jpeg’
All declared Imports should be used.
Flavors: r-devel-linux-x86_64-fedora-clang, r-devel-linux-x86_64-fedora-gcc