CRAN Package Check Results for Package countHMM

Last updated on 2025-02-11 07:48:21 CET.

Flavor Version Tinstall Tcheck Ttotal Status Flags
r-devel-linux-x86_64-debian-clang 0.1.0 2.00 55.04 57.04 OK
r-devel-linux-x86_64-debian-gcc 0.1.0 1.68 35.57 37.25 OK
r-devel-linux-x86_64-fedora-clang 0.1.0 101.43 OK
r-devel-linux-x86_64-fedora-gcc 0.1.0 91.12 OK
r-devel-windows-x86_64 0.1.0 3.00 65.00 68.00 OK
r-patched-linux-x86_64 0.1.0 2.09 50.12 52.21 NOTE
r-release-linux-x86_64 0.1.0 1.85 50.81 52.66 NOTE
r-release-macos-arm64 0.1.0 30.00 NOTE
r-release-macos-x86_64 0.1.0 48.00 NOTE
r-release-windows-x86_64 0.1.0 3.00 64.00 67.00 NOTE
r-oldrel-macos-arm64 0.1.0 31.00 NOTE
r-oldrel-macos-x86_64 0.1.0 46.00 NOTE
r-oldrel-windows-x86_64 0.1.0 3.00 75.00 78.00 NOTE

Check Details

Version: 0.1.0
Check: LazyData
Result: NOTE 'LazyData' is specified without a 'data' directory Flavors: r-patched-linux-x86_64, r-release-linux-x86_64, r-release-macos-arm64, r-release-macos-x86_64, r-release-windows-x86_64, r-oldrel-macos-arm64, r-oldrel-macos-x86_64, r-oldrel-windows-x86_64