CRAN Package Check Results for Package corlink

Last updated on 2025-02-11 07:48:21 CET.

Flavor Version Tinstall Tcheck Ttotal Status Flags
r-devel-linux-x86_64-debian-clang 1.0.0 2.49 22.00 24.49 OK
r-devel-linux-x86_64-debian-gcc 1.0.0 1.53 17.18 18.71 OK
r-devel-linux-x86_64-fedora-clang 1.0.0 40.80 OK
r-devel-linux-x86_64-fedora-gcc 1.0.0 37.95 OK
r-devel-windows-x86_64 1.0.0 3.00 39.00 42.00 OK
r-patched-linux-x86_64 1.0.0 2.31 20.78 23.09 NOTE
r-release-linux-x86_64 1.0.0 2.29 21.53 23.82 NOTE
r-release-macos-arm64 1.0.0 22.00 NOTE
r-release-macos-x86_64 1.0.0 29.00 NOTE
r-release-windows-x86_64 1.0.0 3.00 39.00 42.00 NOTE
r-oldrel-macos-arm64 1.0.0 18.00 NOTE
r-oldrel-macos-x86_64 1.0.0 23.00 NOTE
r-oldrel-windows-x86_64 1.0.0 5.00 39.00 44.00 NOTE

Check Details

Version: 1.0.0
Check: LazyData
Result: NOTE 'LazyData' is specified without a 'data' directory Flavors: r-patched-linux-x86_64, r-release-linux-x86_64, r-release-macos-arm64, r-release-macos-x86_64, r-release-windows-x86_64, r-oldrel-macos-arm64, r-oldrel-macos-x86_64, r-oldrel-windows-x86_64