Last updated on 2025-02-19 07:53:39 CET.
Flavor | Version | Tinstall | Tcheck | Ttotal | Status | Flags |
---|---|---|---|---|---|---|
r-devel-linux-x86_64-debian-clang | 2.2.7 | 11.44 | 117.44 | 128.88 | OK | |
r-devel-linux-x86_64-debian-gcc | 2.2.7 | 9.26 | 75.32 | 84.58 | OK | |
r-devel-linux-x86_64-fedora-clang | 2.2.7 | 225.21 | OK | |||
r-devel-linux-x86_64-fedora-gcc | 2.2.7 | 213.31 | OK | |||
r-devel-macos-arm64 | 2.2.7 | 61.00 | OK | |||
r-devel-macos-x86_64 | 2.2.7 | 103.00 | OK | |||
r-devel-windows-x86_64 | 2.2.7 | 15.00 | 160.00 | 175.00 | OK | |
r-patched-linux-x86_64 | 2.2.7 | 20.28 | 110.19 | 130.47 | OK | |
r-release-linux-x86_64 | 2.2.7 | 13.75 | 110.67 | 124.42 | OK | |
r-release-macos-arm64 | 2.2.7 | 61.00 | OK | |||
r-release-macos-x86_64 | 2.2.7 | 156.00 | OK | |||
r-release-windows-x86_64 | 2.2.7 | 16.00 | 3.00 | 19.00 | FAIL | |
r-oldrel-macos-arm64 | 2.2.6 | 64.00 | OK | |||
r-oldrel-macos-x86_64 | 2.2.7 | 128.00 | OK | |||
r-oldrel-windows-x86_64 | 2.2.7 | 21.00 | 170.00 | 191.00 | OK |
Version: 2.2.7
Check: package dependencies
Result: FAIL
Flavor: r-release-windows-x86_64