Last updated on 2024-07-26 07:51:45 CEST.
Flavor | Version | Tinstall | Tcheck | Ttotal | Status | Flags |
---|---|---|---|---|---|---|
r-devel-linux-x86_64-debian-clang | 1.0.0 | 13.66 | 893.38 | 907.04 | OK | |
r-devel-linux-x86_64-debian-gcc | 1.0.0 | 13.27 | 690.53 | 703.80 | NOTE | |
r-devel-linux-x86_64-fedora-clang | 1.0.0 | 1120.11 | OK | |||
r-devel-linux-x86_64-fedora-gcc | 1.0.0 | 1279.64 | OK | |||
r-devel-windows-x86_64 | 1.0.0 | 14.00 | 898.00 | 912.00 | NOTE | |
r-patched-linux-x86_64 | 1.0.0 | OK | ||||
r-release-linux-x86_64 | 1.0.0 | 13.72 | 832.13 | 845.85 | OK | |
r-release-macos-arm64 | 1.0.0 | 370.00 | OK | |||
r-release-macos-x86_64 | 1.0.0 | 633.00 | OK | |||
r-release-windows-x86_64 | 1.0.0 | 14.00 | 918.00 | 932.00 | OK | |
r-oldrel-macos-arm64 | 1.0.0 | 367.00 | OK | |||
r-oldrel-macos-x86_64 | 1.0.0 | 778.00 | OK | |||
r-oldrel-windows-x86_64 | 1.0.0 | 19.00 | 1071.00 | 1090.00 | OK |
Version: 1.0.0
Check: Rd cross-references
Result: NOTE
Found the following Rd file(s) with Rd \link{} targets missing package
anchors:
svylorenz.Rd: oldsvyquantile
Please provide package anchors for all Rd \link{} targets not in the
package itself and the base packages.
Flavors: r-devel-linux-x86_64-debian-gcc, r-devel-windows-x86_64