Last updated on 2025-05-08 07:52:01 CEST.
Flavor | Version | Tinstall | Tcheck | Ttotal | Status | Flags |
---|---|---|---|---|---|---|
r-devel-linux-x86_64-debian-clang | 1.0.2 | 4.68 | 60.96 | 65.64 | NOTE | |
r-devel-linux-x86_64-debian-gcc | 1.0.2 | 3.44 | 46.43 | 49.87 | NOTE | |
r-devel-linux-x86_64-fedora-clang | 1.0.2 | 101.48 | NOTE | |||
r-devel-linux-x86_64-fedora-gcc | 1.0.2 | 111.99 | NOTE | |||
r-devel-windows-x86_64 | 1.0.2 | 6.00 | 87.00 | 93.00 | NOTE | |
r-patched-linux-x86_64 | 1.0.2 | 4.93 | 57.13 | 62.06 | NOTE | |
r-release-linux-x86_64 | 1.0.2 | 3.83 | 56.97 | 60.80 | NOTE | |
r-release-macos-arm64 | 1.0.2 | 59.00 | NOTE | |||
r-release-macos-x86_64 | 1.0.2 | 93.00 | NOTE | |||
r-release-windows-x86_64 | 1.0.2 | 7.00 | 90.00 | 97.00 | NOTE | |
r-oldrel-macos-arm64 | 1.0.2 | 45.00 | OK | |||
r-oldrel-macos-x86_64 | 1.0.2 | 77.00 | OK | |||
r-oldrel-windows-x86_64 | 1.0.2 | 7.00 | 101.00 | 108.00 | OK |
Version: 1.0.2
Check: DESCRIPTION meta-information
Result: NOTE
Missing dependency on R >= 4.1.0 because package code uses the pipe
|> or function shorthand \(...) syntax added in R 4.1.0.
File(s) using such syntax:
‘cumulative_split_code.Rd’ ‘decompose_contrasts.Rd’
‘expand_formulas.R’ ‘factor_coercion_messages.R’
‘glimpse_contrasts.R’ ‘make_parameters.R’ ‘orth_polynomial_code.Rd’
‘raw_polynomial_code.Rd’ ‘use_contrast.R’ ‘utils_check_labels.R’
‘utils_trymatch.R’
Flavors: r-devel-linux-x86_64-debian-clang, r-devel-linux-x86_64-debian-gcc, r-devel-linux-x86_64-fedora-clang, r-devel-linux-x86_64-fedora-gcc, r-devel-windows-x86_64, r-patched-linux-x86_64, r-release-linux-x86_64, r-release-macos-arm64, r-release-macos-x86_64, r-release-windows-x86_64