Last updated on 2025-02-17 07:50:30 CET.
Flavor | Version | Tinstall | Tcheck | Ttotal | Status | Flags |
---|---|---|---|---|---|---|
r-devel-linux-x86_64-debian-clang | 0.2-11 | 9.93 | 62.53 | 72.46 | OK | |
r-devel-linux-x86_64-debian-gcc | 0.2-11 | 7.32 | 44.83 | 52.15 | OK | |
r-devel-linux-x86_64-fedora-clang | 0.2-11 | 123.57 | OK | |||
r-devel-linux-x86_64-fedora-gcc | 0.2-11 | 107.56 | ERROR | |||
r-devel-macos-arm64 | 0.2-11 | 28.00 | OK | |||
r-devel-macos-x86_64 | 0.2-11 | 66.00 | OK | |||
r-devel-windows-x86_64 | 0.2-11 | 13.00 | 78.00 | 91.00 | OK | |
r-patched-linux-x86_64 | 0.2-11 | 9.22 | 58.91 | 68.13 | OK | |
r-release-linux-x86_64 | 0.2-11 | 9.70 | 57.95 | 67.65 | OK | |
r-release-macos-arm64 | 0.2-11 | 39.00 | OK | |||
r-release-macos-x86_64 | 0.2-11 | 99.00 | OK | |||
r-release-windows-x86_64 | 0.2-11 | 13.00 | 77.00 | 90.00 | OK | |
r-oldrel-macos-arm64 | 0.2-9 | 45.00 | OK | |||
r-oldrel-macos-x86_64 | 0.2-11 | 78.00 | OK | |||
r-oldrel-windows-x86_64 | 0.2-11 | 15.00 | 115.00 | 130.00 | OK |
Version: 0.2-11
Check: examples
Result: ERROR
Running examples in ‘constrainedKriging-Ex.R’ failed
The error most likely occurred in:
> ### Name: CKrige
> ### Title: Constrained, Covariance-matching Constrained and Universal
> ### Kriging
> ### Aliases: CKrige CKrige.points CKrige.polygons CKrige-methods
> ### CKrige,formula,data.frame,formula,preCKrigePoints-method
> ### CKrige,formula,data.frame,formula,preCKrigePolygons-method
> ### print.CKrige.exout.polygons summary.CKrige.exout.polygons
> ### print.CKrige.exout.points summary.CKrige.exout.points
> ### Keywords: methods
>
> ### ** Examples
>
>
>
>
> ### example 7: universal block Kriging of mean over whole domain
> ### cf chapter 4 of vignette of package georob
> ### (https://CRAN.R-project.org/package=georob)
> if(!requireNamespace("gstat", quietly = TRUE)){
+ stop("install package gstat to run example")
+ }
> ### load coalash data
> data(coalash, package="gstat")
>
> ### generate SpatialPointsDataFrame covering entire domain of coalash data
> coalash.domain <- rbind(c(0.5,0), c(16.5,0), c(16.5,24), c(0.5,24), c(0.5,0))
> coalash.domain <- SpatialPolygonsDataFrame(
+ SpatialPolygons(list(Polygons(list(Polygon(coalash.domain)), ID= "domain"))),
+ data=data.frame(x=8.5,y=12,row.names="domain"))
>
> ### universal block Kriging
> preCK_coalash <- preCKrige(newdata = coalash.domain, model = covmodel(modelname =
+ "exponential", mev = 1.023, nugget = 0, variance = 0.268,
+ scale = 1.907), pwidth = 16, pheight = 24)
> UK_coalash <- CKrige(formula = coalash ~ x, data = coalash,
+ locations = ~ x+y, object = preCK_coalash, method = 1)
Flavor: r-devel-linux-x86_64-fedora-gcc