Last updated on 2025-02-19 07:53:39 CET.
Flavor | Version | Tinstall | Tcheck | Ttotal | Status | Flags |
---|---|---|---|---|---|---|
r-devel-linux-x86_64-debian-clang | 1.0.1 | 1.69 | 41.89 | 43.58 | OK | |
r-devel-linux-x86_64-debian-gcc | 1.0.1 | 1.34 | 30.02 | 31.36 | OK | |
r-devel-linux-x86_64-fedora-clang | 1.0.1 | 73.02 | OK | |||
r-devel-linux-x86_64-fedora-gcc | 1.0.1 | 66.25 | OK | |||
r-devel-macos-arm64 | 1.0.1 | 23.00 | OK | |||
r-devel-macos-x86_64 | 1.0.1 | 45.00 | OK | |||
r-devel-windows-x86_64 | 1.0.1 | 5.00 | 67.00 | 72.00 | OK | |
r-patched-linux-x86_64 | 1.0.1 | 1.75 | 39.13 | 40.88 | OK | |
r-release-linux-x86_64 | 1.0.1 | 1.43 | 39.74 | 41.17 | OK | |
r-release-macos-arm64 | 1.0.1 | 27.00 | OK | |||
r-release-macos-x86_64 | 1.0.1 | 40.00 | OK | |||
r-release-windows-x86_64 | 1.0.1 | 5.00 | 3.00 | 8.00 | FAIL | |
r-oldrel-macos-arm64 | 1.0.1 | 25.00 | OK | |||
r-oldrel-macos-x86_64 | 1.0.1 | 39.00 | OK | |||
r-oldrel-windows-x86_64 | 1.0.1 | 5.00 | 69.00 | 74.00 | OK |
Version: 1.0.1
Check: package dependencies
Result: FAIL
Flavor: r-release-windows-x86_64