Last updated on 2025-11-03 07:48:34 CET.
| Flavor | Version | Tinstall | Tcheck | Ttotal | Status | Flags |
|---|---|---|---|---|---|---|
| r-devel-linux-x86_64-debian-clang | 1.7.1 | 2.51 | 45.12 | 47.63 | NOTE | |
| r-devel-linux-x86_64-debian-gcc | 1.7.1 | 1.80 | 30.03 | 31.83 | NOTE | |
| r-devel-linux-x86_64-fedora-clang | 1.7.1 | 69.17 | OK | |||
| r-devel-linux-x86_64-fedora-gcc | 1.7.1 | 82.93 | OK | |||
| r-devel-windows-x86_64 | 1.7.1 | 5.00 | 57.00 | 62.00 | OK | |
| r-patched-linux-x86_64 | 1.7.1 | 2.14 | 43.64 | 45.78 | OK | |
| r-release-linux-x86_64 | 1.7.1 | 2.57 | 36.12 | 38.69 | OK | |
| r-release-macos-arm64 | 1.7.1 | 2.00 | 40.00 | 42.00 | OK | |
| r-release-macos-x86_64 | 1.7.1 | 2.00 | 55.00 | 57.00 | OK | |
| r-release-windows-x86_64 | 1.7.1 | 5.00 | 57.00 | 62.00 | OK | |
| r-oldrel-macos-arm64 | 1.7.1 | 1.00 | 27.00 | 28.00 | OK | |
| r-oldrel-macos-x86_64 | 1.7.1 | 2.00 | 40.00 | 42.00 | OK | |
| r-oldrel-windows-x86_64 | 1.7.1 | 5.00 | 67.00 | 72.00 | OK |
Version: 1.7.1
Check: CRAN incoming feasibility
Result: NOTE
Maintainer: ‘Sidharth Macherla <msidharthrasik@gmail.com>’
Package CITATION file contains call(s) to old-style citEntry(). Please
use bibentry() instead.
Flavors: r-devel-linux-x86_64-debian-clang, r-devel-linux-x86_64-debian-gcc