CRAN Package Check Results for Package conditionz

Last updated on 2025-02-19 07:53:39 CET.

Flavor Version Tinstall Tcheck Ttotal Status Flags
r-devel-linux-x86_64-debian-clang 0.1.0 2.37 18.42 20.79 OK
r-devel-linux-x86_64-debian-gcc 0.1.0 1.82 15.13 16.95 OK
r-devel-linux-x86_64-fedora-clang 0.1.0 35.25 OK
r-devel-linux-x86_64-fedora-gcc 0.1.0 31.66 OK
r-devel-macos-arm64 0.1.0 15.00 OK
r-devel-macos-x86_64 0.1.0 25.00 OK
r-devel-windows-x86_64 0.1.0 3.00 43.00 46.00 OK
r-patched-linux-x86_64 0.1.0 2.53 17.56 20.09 OK
r-release-linux-x86_64 0.1.0 2.40 17.49 19.89 OK
r-release-macos-arm64 0.1.0 19.00 OK
r-release-macos-x86_64 0.1.0 28.00 OK
r-release-windows-x86_64 0.1.0 3.00 3.00 6.00 FAIL
r-oldrel-macos-arm64 0.1.0 15.00 OK
r-oldrel-macos-x86_64 0.1.0 22.00 OK
r-oldrel-windows-x86_64 0.1.0 4.00 46.00 50.00 OK

Check Details

Version: 0.1.0
Check: package dependencies
Result: FAIL
Flavor: r-release-windows-x86_64