Last updated on 2024-05-13 07:49:57 CEST.
Flavor | Version | Tinstall | Tcheck | Ttotal | Status | Flags |
---|---|---|---|---|---|---|
r-devel-linux-x86_64-debian-clang | 2.0.0 | 10.00 | 69.64 | 79.64 | OK | |
r-devel-linux-x86_64-debian-gcc | 2.0.0 | 11.17 | 51.30 | 62.47 | OK | |
r-devel-linux-x86_64-fedora-clang | 2.0.0 | 103.46 | NOTE | |||
r-devel-linux-x86_64-fedora-gcc | 2.0.0 | 126.54 | NOTE | |||
r-devel-windows-x86_64 | 2.0.0 | 14.00 | 87.00 | 101.00 | OK | |
r-patched-linux-x86_64 | 2.0.0 | 11.95 | 66.53 | 78.48 | OK | |
r-release-linux-x86_64 | 2.0.0 | 9.54 | 67.06 | 76.60 | OK | |
r-release-macos-arm64 | 2.0.0 | 33.00 | OK | |||
r-release-windows-x86_64 | 2.0.0 | 14.00 | 87.00 | 101.00 | OK | |
r-oldrel-macos-arm64 | 2.0.0 | 35.00 | OK | |||
r-oldrel-macos-x86_64 | 2.0.0 | 55.00 | OK | |||
r-oldrel-windows-x86_64 | 2.0.0 | 16.00 | 94.00 | 110.00 | OK |
Version: 2.0.0
Check: data for non-ASCII characters
Result: NOTE
Note: found 92 marked UTF-8 strings
Flavors: r-devel-linux-x86_64-fedora-clang, r-devel-linux-x86_64-fedora-gcc