CRAN Package Check Results for Package cofeatureR

Last updated on 2025-02-07 07:49:04 CET.

Flavor Version Tinstall Tcheck Ttotal Status Flags
r-devel-linux-x86_64-debian-clang 1.1.1 1.92 21.26 23.18 OK
r-devel-linux-x86_64-debian-gcc 1.1.1 1.46 16.42 17.88 OK
r-devel-linux-x86_64-fedora-clang 1.1.1 38.42 NOTE
r-devel-linux-x86_64-fedora-gcc 1.1.1 34.71 NOTE
r-devel-windows-x86_64 1.1.1 4.00 44.00 48.00 OK
r-patched-linux-x86_64 1.1.1 1.78 19.94 21.72 NOTE
r-release-linux-x86_64 1.1.1 1.60 20.00 21.60 NOTE
r-release-macos-arm64 1.1.1 16.00 NOTE
r-release-macos-x86_64 1.1.1 22.00 NOTE
r-release-windows-x86_64 1.1.1 3.00 40.00 43.00 NOTE
r-oldrel-macos-arm64 1.1.1 18.00 NOTE
r-oldrel-macos-x86_64 1.1.1 23.00 NOTE
r-oldrel-windows-x86_64 1.1.1 4.00 46.00 50.00 NOTE

Check Details

Version: 1.1.1
Check: dependencies in R code
Result: NOTE Namespace in Imports field not imported from: ‘tibble’ All declared Imports should be used. Flavors: r-devel-linux-x86_64-fedora-clang, r-devel-linux-x86_64-fedora-gcc

Version: 1.1.1
Check: LazyData
Result: NOTE 'LazyData' is specified without a 'data' directory Flavors: r-patched-linux-x86_64, r-release-linux-x86_64, r-release-macos-arm64, r-release-macos-x86_64, r-release-windows-x86_64, r-oldrel-macos-arm64, r-oldrel-macos-x86_64, r-oldrel-windows-x86_64