CRAN Package Check Results for Package codexcopd

Last updated on 2025-02-11 07:48:20 CET.

Flavor Version Tinstall Tcheck Ttotal Status Flags
r-devel-linux-x86_64-debian-clang 0.1.0 1.58 15.61 17.19 OK
r-devel-linux-x86_64-debian-gcc 0.1.0 1.32 12.96 14.28 OK
r-devel-linux-x86_64-fedora-clang 0.1.0 29.31 OK
r-devel-linux-x86_64-fedora-gcc 0.1.0 26.50 OK
r-devel-windows-x86_64 0.1.0 3.00 34.00 37.00 OK
r-patched-linux-x86_64 0.1.0 1.56 14.93 16.49 NOTE
r-release-linux-x86_64 0.1.0 1.36 15.13 16.49 NOTE
r-release-macos-arm64 0.1.0 22.00 NOTE
r-release-macos-x86_64 0.1.0 20.00 NOTE
r-release-windows-x86_64 0.1.0 3.00 34.00 37.00 NOTE
r-oldrel-macos-arm64 0.1.0 15.00 NOTE
r-oldrel-macos-x86_64 0.1.0 17.00 NOTE
r-oldrel-windows-x86_64 0.1.0 3.00 33.00 36.00 NOTE

Check Details

Version: 0.1.0
Check: LazyData
Result: NOTE 'LazyData' is specified without a 'data' directory Flavors: r-patched-linux-x86_64, r-release-linux-x86_64, r-release-macos-arm64, r-release-macos-x86_64, r-release-windows-x86_64, r-oldrel-macos-arm64, r-oldrel-macos-x86_64, r-oldrel-windows-x86_64