Last updated on 2024-05-13 07:49:57 CEST.
Flavor | Version | Tinstall | Tcheck | Ttotal | Status | Flags |
---|---|---|---|---|---|---|
r-devel-linux-x86_64-debian-clang | 0.1.3 | 2.89 | 26.53 | 29.42 | OK | |
r-devel-linux-x86_64-debian-gcc | 0.1.3 | 2.50 | 20.63 | 23.13 | OK | |
r-devel-linux-x86_64-fedora-clang | 0.1.3 | 40.02 | NOTE | |||
r-devel-linux-x86_64-fedora-gcc | 0.1.3 | 42.96 | NOTE | |||
r-devel-windows-x86_64 | 0.1.3 | 5.00 | 43.00 | 48.00 | OK | |
r-patched-linux-x86_64 | 0.1.3 | 2.95 | 26.57 | 29.52 | OK | |
r-release-linux-x86_64 | 0.1.3 | 2.58 | 25.73 | 28.31 | OK | |
r-release-macos-arm64 | 0.1.3 | 18.00 | OK | |||
r-release-windows-x86_64 | 0.1.3 | 6.00 | 44.00 | 50.00 | OK | |
r-oldrel-macos-arm64 | 0.1.3 | 20.00 | OK | |||
r-oldrel-macos-x86_64 | 0.1.3 | 23.00 | OK | |||
r-oldrel-windows-x86_64 | 0.1.3 | 6.00 | 45.00 | 51.00 | OK |
Version: 0.1.3
Check: data for non-ASCII characters
Result: NOTE
Note: found 30244 marked UTF-8 strings
Flavors: r-devel-linux-x86_64-fedora-clang, r-devel-linux-x86_64-fedora-gcc