Last updated on 2025-02-17 07:50:30 CET.
Flavor | Version | Tinstall | Tcheck | Ttotal | Status | Flags |
---|---|---|---|---|---|---|
r-devel-linux-x86_64-debian-clang | 1.1-4 | 3.48 | 31.47 | 34.95 | OK | |
r-devel-linux-x86_64-debian-gcc | 1.1-4 | 2.91 | 24.02 | 26.93 | OK | |
r-devel-linux-x86_64-fedora-clang | 1.1-4 | 59.90 | OK | |||
r-devel-linux-x86_64-fedora-gcc | 1.1-4 | 55.58 | OK | |||
r-devel-macos-arm64 | 1.1-4 | 20.00 | OK | |||
r-devel-macos-x86_64 | 1.1-4 | 37.00 | OK | |||
r-devel-windows-x86_64 | 1.1-4 | 5.00 | 64.00 | 69.00 | OK | |
r-patched-linux-x86_64 | 1.1-4 | 3.96 | 29.69 | 33.65 | NOTE | |
r-release-linux-x86_64 | 1.1-4 | 3.60 | 29.97 | 33.57 | NOTE | |
r-release-macos-arm64 | 1.1-4 | 28.00 | NOTE | |||
r-release-macos-x86_64 | 1.1-4 | 30.00 | NOTE | |||
r-release-windows-x86_64 | 1.1-4 | 6.00 | 52.00 | 58.00 | NOTE | |
r-oldrel-macos-arm64 | 1.1-4 | 23.00 | NOTE | |||
r-oldrel-macos-x86_64 | 1.1-4 | 30.00 | NOTE | |||
r-oldrel-windows-x86_64 | 1.1-4 | 6.00 | 58.00 | 64.00 | NOTE |
Version: 1.1-4
Check: package dependencies
Result: NOTE
Package which this enhances but not available for checking: ‘rkward’
Flavors: r-patched-linux-x86_64, r-release-linux-x86_64, r-release-macos-arm64, r-release-macos-x86_64, r-release-windows-x86_64, r-oldrel-macos-arm64, r-oldrel-macos-x86_64, r-oldrel-windows-x86_64