Last updated on 2024-05-13 07:49:57 CEST.
Flavor | Version | Tinstall | Tcheck | Ttotal | Status | Flags |
---|---|---|---|---|---|---|
r-devel-linux-x86_64-debian-clang | 1.1.0 | 3.98 | 123.73 | 127.71 | NOTE | |
r-devel-linux-x86_64-debian-gcc | 1.1.0 | 2.87 | 88.71 | 91.58 | NOTE | |
r-devel-linux-x86_64-fedora-clang | 1.1.0 | 158.78 | NOTE | |||
r-devel-linux-x86_64-fedora-gcc | 1.1.0 | 166.33 | NOTE | |||
r-devel-windows-x86_64 | 1.1.0 | 4.00 | 110.00 | 114.00 | NOTE | |
r-patched-linux-x86_64 | 1.1.0 | 2.54 | 115.40 | 117.94 | NOTE | |
r-release-linux-x86_64 | 1.1.0 | 2.26 | 114.35 | 116.61 | NOTE | |
r-release-macos-arm64 | 1.1.0 | 54.00 | NOTE | |||
r-release-windows-x86_64 | 1.1.0 | 4.00 | 106.00 | 110.00 | NOTE | |
r-oldrel-macos-arm64 | 1.1.0 | 58.00 | NOTE | |||
r-oldrel-macos-x86_64 | 1.1.0 | 94.00 | NOTE | |||
r-oldrel-windows-x86_64 | 1.1.0 | 5.00 | 122.00 | 127.00 | NOTE |
Version: 1.1.0
Check: LazyData
Result: NOTE
'LazyData' is specified without a 'data' directory
Flavors: r-devel-linux-x86_64-debian-clang, r-devel-linux-x86_64-debian-gcc, r-devel-linux-x86_64-fedora-clang, r-devel-linux-x86_64-fedora-gcc, r-devel-windows-x86_64, r-patched-linux-x86_64, r-release-linux-x86_64, r-release-macos-arm64, r-release-windows-x86_64, r-oldrel-macos-arm64, r-oldrel-macos-x86_64, r-oldrel-windows-x86_64
Version: 1.1.0
Check: dependencies in R code
Result: NOTE
Namespaces in Imports field not imported from:
‘Matrix’ ‘nnet’
All declared Imports should be used.
Flavors: r-devel-linux-x86_64-fedora-clang, r-devel-linux-x86_64-fedora-gcc