Last updated on 2025-02-17 07:50:30 CET.
Flavor | Version | Tinstall | Tcheck | Ttotal | Status | Flags |
---|---|---|---|---|---|---|
r-devel-linux-x86_64-debian-clang | 1.0.5 | 3.34 | 46.75 | 50.09 | NOTE | |
r-devel-linux-x86_64-debian-gcc | 1.0.5 | 2.57 | 33.16 | 35.73 | NOTE | |
r-devel-linux-x86_64-fedora-clang | 1.0.5 | 91.43 | NOTE | |||
r-devel-linux-x86_64-fedora-gcc | 1.0.5 | 83.42 | NOTE | |||
r-devel-macos-arm64 | 1.0.5 | 26.00 | NOTE | |||
r-devel-macos-x86_64 | 1.0.5 | 60.00 | NOTE | |||
r-devel-windows-x86_64 | 1.0.5 | 4.00 | 74.00 | 78.00 | NOTE | |
r-patched-linux-x86_64 | 1.0.5 | 4.35 | 42.40 | 46.75 | NOTE | |
r-release-linux-x86_64 | 1.0.5 | 3.38 | 42.29 | 45.67 | NOTE | |
r-release-macos-arm64 | 1.0.5 | 31.00 | NOTE | |||
r-release-macos-x86_64 | 1.0.5 | 40.00 | NOTE | |||
r-release-windows-x86_64 | 1.0.5 | 4.00 | 72.00 | 76.00 | NOTE | |
r-oldrel-macos-arm64 | 1.0.5 | 26.00 | OK | |||
r-oldrel-macos-x86_64 | 1.0.5 | 41.00 | OK | |||
r-oldrel-windows-x86_64 | 1.0.5 | 5.00 | 82.00 | 87.00 | OK |
Version: 1.0.5
Check: Rd files
Result: NOTE
checkRd: (-1) bvp.Rd:24: Lost braces
24 | differential equations. The code{midptivp} method solves initial
| ^
checkRd: (-1) ivp.Rd:38: Lost braces
38 | differential equations. The code{midptivp} method solves initial
| ^
checkRd: (-1) ivpsys.Rd:29: Lost braces
29 | differential equations. The code{midptivp} method solves initial
| ^
Flavors: r-devel-linux-x86_64-debian-clang, r-devel-linux-x86_64-debian-gcc, r-devel-linux-x86_64-fedora-clang, r-devel-linux-x86_64-fedora-gcc, r-devel-macos-arm64, r-devel-macos-x86_64, r-devel-windows-x86_64, r-patched-linux-x86_64, r-release-linux-x86_64, r-release-macos-arm64, r-release-macos-x86_64, r-release-windows-x86_64