Last updated on 2025-02-19 07:53:39 CET.
Flavor | Version | Tinstall | Tcheck | Ttotal | Status | Flags |
---|---|---|---|---|---|---|
r-devel-linux-x86_64-debian-clang | 0.1.1.0 | 2.20 | 26.29 | 28.49 | NOTE | |
r-devel-linux-x86_64-debian-gcc | 0.1.1.0 | 1.81 | 19.35 | 21.16 | NOTE | |
r-devel-linux-x86_64-fedora-clang | 0.1.1.0 | 49.18 | OK | |||
r-devel-linux-x86_64-fedora-gcc | 0.1.1.0 | 46.60 | OK | |||
r-devel-macos-arm64 | 0.1.1.0 | 17.00 | OK | |||
r-devel-macos-x86_64 | 0.1.1.0 | 29.00 | OK | |||
r-devel-windows-x86_64 | 0.1.1.0 | 3.00 | 56.00 | 59.00 | NOTE | |
r-patched-linux-x86_64 | 0.1.1.0 | 2.82 | 24.85 | 27.67 | OK | |
r-release-linux-x86_64 | 0.1.1.0 | 2.14 | 25.04 | 27.18 | OK | |
r-release-macos-arm64 | 0.1.1.0 | 21.00 | OK | |||
r-release-macos-x86_64 | 0.1.1.0 | 25.00 | OK | |||
r-release-windows-x86_64 | 0.1.1.0 | 3.00 | 3.00 | 6.00 | FAIL | |
r-oldrel-macos-arm64 | 0.1.1.0 | 16.00 | OK | |||
r-oldrel-macos-x86_64 | 0.1.1.0 | 25.00 | OK | |||
r-oldrel-windows-x86_64 | 0.1.1.0 | 4.00 | 53.00 | 57.00 | OK |
Version: 0.1.1.0
Check: Rd cross-references
Result: NOTE
Found the following Rd file(s) with Rd \link{} targets missing package
anchors:
clusterabilitytest.Rd: dip.test
Please provide package anchors for all Rd \link{} targets not in the
package itself and the base packages.
Flavors: r-devel-linux-x86_64-debian-clang, r-devel-linux-x86_64-debian-gcc, r-devel-windows-x86_64
Version: 0.1.1.0
Check: package dependencies
Result: FAIL
Flavor: r-release-windows-x86_64