Last updated on 2025-06-30 07:49:16 CEST.
Flavor | Version | Tinstall | Tcheck | Ttotal | Status | Flags |
---|---|---|---|---|---|---|
r-devel-linux-x86_64-debian-clang | 1.6.2 | 12.95 | 187.38 | 200.33 | OK | |
r-devel-linux-x86_64-debian-gcc | 1.6.2 | 9.18 | 121.21 | 130.39 | OK | |
r-devel-linux-x86_64-fedora-clang | 1.6.2 | 302.63 | OK | |||
r-devel-linux-x86_64-fedora-gcc | 1.6.2 | 298.95 | OK | |||
r-devel-windows-x86_64 | 1.6.2 | 17.00 | 203.00 | 220.00 | OK | |
r-patched-linux-x86_64 | OK | |||||
r-release-linux-x86_64 | 1.6.2 | 10.96 | 167.77 | 178.73 | OK | |
r-release-macos-arm64 | 1.6.2 | 135.00 | OK | |||
r-release-macos-x86_64 | 1.6.2 | 118.00 | OK | |||
r-release-windows-x86_64 | 1.6.2 | 13.00 | 194.00 | 207.00 | OK | |
r-oldrel-macos-arm64 | 1.6.2 | 85.00 | NOTE | |||
r-oldrel-macos-x86_64 | 1.6.2 | 149.00 | NOTE | |||
r-oldrel-windows-x86_64 | 1.6.2 | 20.00 | 243.00 | 263.00 | NOTE |
Version: 1.6.2
Check: installed package size
Result: NOTE
installed size is 5.7Mb
sub-directories of 1Mb or more:
doc 4.3Mb
Flavors: r-oldrel-macos-arm64, r-oldrel-macos-x86_64, r-oldrel-windows-x86_64