Last updated on 2025-01-16 07:50:12 CET.
Flavor | Version | Tinstall | Tcheck | Ttotal | Status | Flags |
---|---|---|---|---|---|---|
r-devel-linux-x86_64-debian-clang | 2.4.1 | 30.63 | 145.89 | 176.52 | NOTE | |
r-devel-linux-x86_64-debian-gcc | 2.4.1 | 23.43 | 101.71 | 125.14 | NOTE | |
r-devel-linux-x86_64-fedora-clang | 2.4.1 | 286.32 | OK | |||
r-devel-linux-x86_64-fedora-gcc | 2.4.1 | 274.35 | OK | |||
r-devel-windows-x86_64 | 2.4.1 | 25.00 | 151.00 | 176.00 | NOTE | |
r-patched-linux-x86_64 | 2.4.1 | 37.51 | 138.69 | 176.20 | OK | |
r-release-linux-x86_64 | 2.4.1 | 31.66 | 137.66 | 169.32 | OK | |
r-release-macos-arm64 | 2.4.1 | 59.00 | OK | |||
r-release-macos-x86_64 | 2.4.1 | 94.00 | OK | |||
r-release-windows-x86_64 | 2.4.1 | 23.00 | 150.00 | 173.00 | OK | |
r-oldrel-macos-arm64 | 2.4.1 | 56.00 | OK | |||
r-oldrel-macos-x86_64 | 2.4.1 | 115.00 | OK | |||
r-oldrel-windows-x86_64 | 2.4.1 | 30.00 | 182.00 | 212.00 | OK |
Version: 2.4.1
Check: Rd cross-references
Result: NOTE
Found the following Rd file(s) with Rd \link{} targets missing package
anchors:
clinDR-package.Rd: DoseFinding
emaxsim.Rd: Mods
emaxsimB.Rd: Mods
fitEmaxB.Rd: rstan
Please provide package anchors for all Rd \link{} targets not in the
package itself and the base packages.
Flavors: r-devel-linux-x86_64-debian-clang, r-devel-linux-x86_64-debian-gcc, r-devel-windows-x86_64