Last updated on 2025-10-21 07:49:33 CEST.
Flavor | Version | Tinstall | Tcheck | Ttotal | Status | Flags |
---|---|---|---|---|---|---|
r-devel-linux-x86_64-debian-clang | 3.6.5 | 18.61 | 152.41 | 171.02 | OK | |
r-devel-linux-x86_64-debian-gcc | 3.6.5 | 14.61 | 98.68 | 113.29 | NOTE | |
r-devel-linux-x86_64-fedora-clang | 3.6.5 | 188.33 | OK | |||
r-devel-linux-x86_64-fedora-gcc | 3.6.5 | 248.53 | OK | |||
r-devel-windows-x86_64 | 3.6.5 | 54.00 | 170.00 | 224.00 | OK | |
r-patched-linux-x86_64 | 3.6.5 | 19.98 | 141.77 | 161.75 | OK | |
r-release-linux-x86_64 | 3.6.5 | 16.14 | 141.54 | 157.68 | OK | |
r-release-macos-arm64 | 3.6.5 | 91.00 | OK | |||
r-release-macos-x86_64 | 3.6.5 | 174.00 | OK | |||
r-release-windows-x86_64 | 3.6.5 | 59.00 | 175.00 | 234.00 | OK | |
r-oldrel-macos-arm64 | 3.6.5 | 89.00 | OK | |||
r-oldrel-macos-x86_64 | 3.6.5 | 164.00 | OK | |||
r-oldrel-windows-x86_64 | 3.6.5 | 60.00 | 219.00 | 279.00 | OK |
Version: 3.6.5
Check: HTML version of manual
Result: NOTE
Found the following HTML validation problems:
cli-config.html:845:1 (cli-config.Rd:594): Warning: missing </ul> before </div>
cli_end.html:136:1 (cli_end.Rd:100): Warning: missing </ul> before </div>
containers.html:100:1 (containers.Rd:74): Warning: missing </ul> before </div>
faq.html:111:1 (faq.Rd:77): Warning: missing </ul> before </div>
links.html:387:1 (links.Rd:327): Warning: missing </ul> before </div>
links.html:195:1 (links.Rd:155): Warning: <h4> anchor "Link-text" already defined
links.html:235:1 (links.Rd:193): Warning: <h4> anchor "Without-hyperlink-support" already defined
links.html:266:1 (links.Rd:223): Warning: <h4> anchor "Link-text" already defined
links.html:279:1 (links.Rd:236): Warning: <h4> anchor "Without-hyperlink-support" already defined
links.html:338:1 (links.Rd:294): Warning: <h4> anchor "Link-text" already defined
match_selector.html:54:1 (match_selector.Rd:16): Warning: missing </ul> before </div>
match_selector_node.html:77:1 (match_selector_node.Rd:24): Warning: missing </ul> before </div>
pluralization.html:220:1 (pluralization.Rd:199): Warning: <h4> anchor "Pluralization-markup" already defined
progress-c.html:331:1 (progress-c.Rd:216): Warning: missing </ul> before </div>
Flavor: r-devel-linux-x86_64-debian-gcc