Last updated on 2025-02-19 07:53:39 CET.
Flavor | Version | Tinstall | Tcheck | Ttotal | Status | Flags |
---|---|---|---|---|---|---|
r-devel-linux-x86_64-debian-clang | 1.4.0 | 2.35 | 35.81 | 38.16 | OK | |
r-devel-linux-x86_64-debian-gcc | 1.4.0 | 1.75 | 27.00 | 28.75 | OK | |
r-devel-linux-x86_64-fedora-clang | 1.4.0 | 64.65 | OK | |||
r-devel-linux-x86_64-fedora-gcc | 1.4.0 | 69.98 | OK | |||
r-devel-macos-arm64 | 1.4.0 | 31.00 | OK | |||
r-devel-macos-x86_64 | 1.4.0 | 54.00 | OK | |||
r-devel-windows-x86_64 | 1.4.0 | 4.00 | 84.00 | 88.00 | OK | |
r-patched-linux-x86_64 | 1.4.0 | 2.79 | 33.98 | 36.77 | OK | |
r-release-linux-x86_64 | 1.4.0 | 2.15 | 34.28 | 36.43 | OK | |
r-release-macos-arm64 | 1.4.0 | 27.00 | OK | |||
r-release-macos-x86_64 | 1.4.0 | 41.00 | OK | |||
r-release-windows-x86_64 | 1.4.0 | 4.00 | 3.00 | 7.00 | FAIL | |
r-oldrel-macos-arm64 | 1.4.0 | 28.00 | OK | |||
r-oldrel-macos-x86_64 | 1.4.0 | 68.00 | OK | |||
r-oldrel-windows-x86_64 | 1.4.0 | 6.00 | 75.00 | 81.00 | OK |
Version: 1.4.0
Check: package dependencies
Result: FAIL
Flavor: r-release-windows-x86_64