Last updated on 2024-05-11 07:51:24 CEST.
Flavor | Version | Tinstall | Tcheck | Ttotal | Status | Flags |
---|---|---|---|---|---|---|
r-devel-linux-x86_64-debian-clang | 0.0.4 | 13.34 | 102.63 | 115.97 | OK | |
r-devel-linux-x86_64-debian-gcc | 0.0.4 | 10.84 | 74.50 | 85.34 | OK | |
r-devel-linux-x86_64-fedora-clang | 0.0.4 | 146.60 | NOTE | |||
r-devel-linux-x86_64-fedora-gcc | 0.0.4 | 191.76 | NOTE | |||
r-devel-windows-x86_64 | 0.0.4 | 12.00 | 85.00 | 97.00 | OK | |
r-patched-linux-x86_64 | 0.0.4 | 14.21 | 96.21 | 110.42 | OK | |
r-release-linux-x86_64 | 0.0.4 | 10.96 | 97.48 | 108.44 | OK | |
r-release-macos-arm64 | 0.0.4 | 41.00 | OK | |||
r-release-windows-x86_64 | 0.0.4 | 13.00 | 84.00 | 97.00 | OK | |
r-oldrel-macos-arm64 | 0.0.4 | 44.00 | OK | |||
r-oldrel-macos-x86_64 | 0.0.4 | 69.00 | OK | |||
r-oldrel-windows-x86_64 | 0.0.4 | 15.00 | 100.00 | 115.00 | OK |
Version: 0.0.4
Check: dependencies in R code
Result: NOTE
Namespace in Imports field not imported from: ‘networkD3’
All declared Imports should be used.
Flavors: r-devel-linux-x86_64-fedora-clang, r-devel-linux-x86_64-fedora-gcc