Last updated on 2025-02-19 07:53:38 CET.
Flavor | Version | Tinstall | Tcheck | Ttotal | Status | Flags |
---|---|---|---|---|---|---|
r-devel-linux-x86_64-debian-clang | 0.8.2 | 2.31 | 22.65 | 24.96 | OK | |
r-devel-linux-x86_64-debian-gcc | 0.8.2 | 1.69 | 18.00 | 19.69 | OK | |
r-devel-linux-x86_64-fedora-clang | 0.8.2 | 42.27 | OK | |||
r-devel-linux-x86_64-fedora-gcc | 0.8.2 | 38.24 | OK | |||
r-devel-macos-arm64 | 0.8.2 | 17.00 | OK | |||
r-devel-macos-x86_64 | 0.8.2 | 30.00 | OK | |||
r-devel-windows-x86_64 | 0.8.2 | 3.00 | 49.00 | 52.00 | OK | |
r-patched-linux-x86_64 | 0.8.2 | 2.14 | 21.91 | 24.05 | OK | |
r-release-linux-x86_64 | 0.8.2 | 2.11 | 21.75 | 23.86 | OK | |
r-release-macos-arm64 | 0.8.2 | 22.00 | OK | |||
r-release-macos-x86_64 | 0.8.2 | 27.00 | OK | |||
r-release-windows-x86_64 | 0.8.2 | 3.00 | 3.00 | 6.00 | FAIL | |
r-oldrel-macos-arm64 | 0.8.2 | 19.00 | OK | |||
r-oldrel-macos-x86_64 | 0.8.2 | 25.00 | OK | |||
r-oldrel-windows-x86_64 | 0.8.2 | 4.00 | 46.00 | 50.00 | OK |
Version: 0.8.2
Check: package dependencies
Result: FAIL
Flavor: r-release-windows-x86_64