CRAN Package Check Results for Package chronicle

Last updated on 2025-02-17 07:50:30 CET.

Flavor Version Tinstall Tcheck Ttotal Status Flags
r-devel-linux-x86_64-debian-clang 0.3 4.37 58.74 63.11 OK
r-devel-linux-x86_64-debian-gcc 0.3 2.49 40.40 42.89 OK
r-devel-linux-x86_64-fedora-clang 0.3 107.00 NOTE
r-devel-linux-x86_64-fedora-gcc 0.3 106.50 NOTE
r-devel-macos-arm64 0.3 40.00 OK
r-devel-macos-x86_64 0.3 75.00 OK
r-devel-windows-x86_64 0.3 7.00 80.00 87.00 OK
r-patched-linux-x86_64 0.3 5.54 51.99 57.53 OK
r-release-linux-x86_64 0.3 4.02 52.42 56.44 OK
r-release-macos-arm64 0.3 42.00 OK
r-release-macos-x86_64 0.3 55.00 OK
r-release-windows-x86_64 0.3 7.00 80.00 87.00 OK
r-oldrel-macos-arm64 0.3 37.00 OK
r-oldrel-macos-x86_64 0.3 50.00 OK
r-oldrel-windows-x86_64 0.3 8.00 103.00 111.00 OK

Check Details

Version: 0.3
Check: dependencies in R code
Result: NOTE Namespaces in Imports field not imported from: ‘DT’ ‘dplyr’ ‘prettydoc’ ‘rmdformats’ ‘skimr’ All declared Imports should be used. Flavors: r-devel-linux-x86_64-fedora-clang, r-devel-linux-x86_64-fedora-gcc